000
CDUS45 KREV 260840
CLIRNO

CLIMATE REPORT
NATIONAL WEATHER SERVICE RENO NV
140 AM PDT MON SEP 26 2022

...................................

...THE RENO-TAHOE INTL AIRPORT NV CLIMATE SUMMARY FOR SEPTEMBER 25 2022...

CLIMATE NORMAL PERIOD 1991 TO 2020
CLIMATE RECORD PERIOD 1888 TO 2022


WEATHER ITEM   OBSERVED TIME   RECORD YEAR NORMAL DEPARTURE LAST
                VALUE   (LST)  VALUE       VALUE  FROM      YEAR
                                                  NORMAL
...................................................................
TEMPERATURE (F)
 YESTERDAY
  MAXIMUM         88    258 PM  94    1964  80      8       89
  MINIMUM         47    622 AM  25    1972  47      0       51
  AVERAGE         68                        64      4       70

PRECIPITATION (IN)
  YESTERDAY        0.00          0.33 1939   0.01  -0.01     0.00
  MONTH TO DATE    0.25                      0.16   0.09     0.09
  SINCE OCT 1      8.95                      7.30   1.65     3.01
  SINCE JAN 1      2.70                      5.08  -2.38     2.14

SNOWFALL (IN)
  YESTERDAY        0.0           0.0    MM   0.0    0.0      0.0
  MONTH TO DATE    0.0                       0.0    0.0      0.0
  SINCE SEP 1      0.0                       0.0    0.0      0.0
  SINCE JUL 1      0.0                       0.0    0.0      0.0
  SNOW DEPTH       0

DEGREE DAYS
 HEATING
  YESTERDAY        0                         3     -3        0
  MONTH TO DATE   35                        37     -2        7
  SINCE SEP 1     35                        37     -2        7
  SINCE JUL 1     35                        42     -7        8

 COOLING
  YESTERDAY        3                         2      1        5
  MONTH TO DATE  213                       110    103      141
  SINCE SEP 1    213                       110    103      141
  SINCE JAN 1   1324                      1023    301     1362
...................................................................


WIND (MPH)
  RESULTANT WIND SPEED   2   RESULTANT WIND DIRECTION   E (70)
  HIGHEST WIND SPEED    13   HIGHEST WIND DIRECTION     E (80)
  HIGHEST GUST SPEED    16   HIGHEST GUST DIRECTION     E (70)
  AVERAGE WIND SPEED     3.2


WEATHER CONDITIONS
THE FOLLOWING WEATHER WAS RECORDED YESTERDAY.
  NO SIGNIFICANT WEATHER WAS OBSERVED.


RELATIVE HUMIDITY (PERCENT)
 HIGHEST    65           600 AM
 LOWEST     13           300 PM
 AVERAGE    39

..........................................................


THE RENO-TAHOE INTL AIRPORT NV CLIMATE NORMALS FOR TODAY
                         NORMAL    RECORD    YEAR
 MAXIMUM TEMPERATURE (F)   80        93      2009
 MINIMUM TEMPERATURE (F)   47        23      1970


SUNRISE AND SUNSET
SEPTEMBER 26 2022.....SUNRISE   651 AM PDT   SUNSET   649 PM PDT
SEPTEMBER 27 2022.....SUNRISE   652 AM PDT   SUNSET   648 PM PDT


-  INDICATES NEGATIVE NUMBERS.
R  INDICATES RECORD WAS SET OR TIED.
MM INDICATES DATA IS MISSING.
T  INDICATES TRACE AMOUNT.




$$
