000
CDUS41 KRNK 052105
CLIROA

CLIMATE REPORT
NATIONAL WEATHER SERVICE BLACKSBURG, VA
505 PM EDT WED OCT 05 2022

...................................

...THE ROANOKE VA CLIMATE SUMMARY FOR OCTOBER 5 2022...
VALID TODAY AS OF 0500 PM LOCAL TIME.

CLIMATE NORMAL PERIOD: 1991 TO 2020
CLIMATE RECORD PERIOD: 1912 TO 2022


WEATHER ITEM   OBSERVED TIME   RECORD YEAR NORMAL DEPARTURE LAST
                VALUE   (LST)  VALUE       VALUE  FROM      YEAR
                                                  NORMAL
...................................................................
TEMPERATURE (F)
 TODAY
  MAXIMUM         77   3:19 PM  98    1941  74      3       80
  MINIMUM         49   5:01 AM  30    1968  52     -3       64
  AVERAGE         63                        63      0       72

PRECIPITATION (IN)
  TODAY            0.00          1.83 1995   0.11  -0.11     0.60
  MONTH TO DATE    2.12                      0.57   1.55     1.01
  SINCE SEP 1      6.31                      4.63   1.68     5.85
  SINCE JAN 1     36.43                     34.31   2.12    34.06

SNOWFALL (IN)
  TODAY            0.0                       0.0    0.0      0.0
  MONTH TO DATE    0.0                       0.0    0.0      0.0
  SINCE SEP 1      0.0                       0.0    0.0      0.0
  SINCE JUL 1      0.0                       0.0    0.0      0.0
  SNOW DEPTH       0

DEGREE DAYS
 HEATING
  TODAY            2                         4     -2        0
  MONTH TO DATE   35                        19     16        2
  SINCE SEP 1     66                        52     14       16
  SINCE JUL 1     66                        53     13       16

 COOLING
  TODAY            0                         2     -2        7
  MONTH TO DATE    0                        11    -11       26
  SINCE SEP 1    180                       180      0      242
  SINCE JAN 1   1505                      1345    160     1567
...................................................................


WIND (MPH)
  RESULTANT WIND SPEED   9   RESULTANT WIND DIRECTION  NW (330)
  HIGHEST WIND SPEED    18   HIGHEST WIND DIRECTION    NW (330)
  HIGHEST GUST SPEED    23   HIGHEST GUST DIRECTION    NW (320)
  AVERAGE WIND SPEED     9.7


SKY COVER
  AVERAGE SKY COVER 0.1


WEATHER CONDITIONS
THE FOLLOWING WEATHER WAS RECORDED TODAY.
  NO SIGNIFICANT WEATHER WAS OBSERVED.


RELATIVE HUMIDITY (PERCENT)
 HIGHEST    57          12:00 AM
 LOWEST     33           4:00 PM
 AVERAGE    45

..........................................................


THE ROANOKE VA CLIMATE NORMALS FOR TOMORROW
                         NORMAL    RECORD    YEAR
 MAXIMUM TEMPERATURE (F)   73        99      1941
 MINIMUM TEMPERATURE (F)   52        32      1965
                                             1968


SUNRISE AND SUNSET
OCTOBER  5 2022.......SUNRISE   7:19 AM EDT   SUNSET   6:57 PM EDT
OCTOBER  6 2022.......SUNRISE   7:20 AM EDT   SUNSET   6:56 PM EDT


-  INDICATES NEGATIVE NUMBERS.
R  INDICATES RECORD WAS SET OR TIED.
MM INDICATES DATA IS MISSING.
T  INDICATES TRACE AMOUNT.


$$

PW
