000
CDUS41 KBUF 052045
CLIROC

CLIMATE REPORT
NATIONAL WEATHER SERVICE BUFFALO NY
445 PM EDT WED OCT 05 2022

...................................

...THE ROCHESTER NY CLIMATE SUMMARY FOR OCTOBER 5 2022...
VALID TODAY AS OF 0400 PM LOCAL TIME.

CLIMATE NORMAL PERIOD: 1991 TO 2020
CLIMATE RECORD PERIOD: 1871 TO 2022


WEATHER ITEM   OBSERVED TIME   RECORD YEAR NORMAL DEPARTURE LAST
                VALUE   (LST)  VALUE       VALUE  FROM      YEAR
                                                  NORMAL
...................................................................
TEMPERATURE (F)
 TODAY
  MAXIMUM         70   2:59 PM  91    1951  66      4       66
  MINIMUM         37   6:21 AM  26    1965  47    -10       55
  AVERAGE         54                        56     -2       61

PRECIPITATION (IN)
  TODAY            0.00          1.07 1932   0.11  -0.11     0.02
  MONTH TO DATE    0.00                      0.49  -0.49     1.47
  SINCE SEP 1      2.81                      3.67  -0.86     4.63
  SINCE JAN 1     22.49                     26.93  -4.44    26.45

SNOWFALL (IN)
  TODAY            0.0           T    1988   0.0    0.0      0.0
  MONTH TO DATE    0.0                       0.0    0.0      0.0
  SINCE SEP 1      0.0                       0.0    0.0      0.0
  SINCE JUL 1      0.0                       0.0    0.0      0.0
  SNOW DEPTH       0

DEGREE DAYS
 HEATING
  TODAY           11                         9      2        4
  MONTH TO DATE   70                        43     27       17
  SINCE SEP 1    188                       157     31       80
  SINCE JUL 1    189                       175     14       91

 COOLING
  TODAY            0                         0      0        0
  MONTH TO DATE    0                         4     -4        0
  SINCE SEP 1     51                        76    -25       41
  SINCE JAN 1    702                       672     30      727
...................................................................


WIND (MPH)
  HIGHEST WIND SPEED    10   HIGHEST WIND DIRECTION    NE (40)
  HIGHEST GUST SPEED    13   HIGHEST GUST DIRECTION    NE (30)
  AVERAGE WIND SPEED     4.1


SKY COVER
  AVERAGE SKY COVER 0.2


WEATHER CONDITIONS
THE FOLLOWING WEATHER WAS RECORDED TODAY.
  NO SIGNIFICANT WEATHER WAS OBSERVED.


RELATIVE HUMIDITY (PERCENT)
 HIGHEST    97           4:00 AM
 LOWEST     51           1:00 PM
 AVERAGE    74

..........................................................


THE ROCHESTER NY CLIMATE NORMALS FOR TOMORROW
                         NORMAL    RECORD    YEAR
 MAXIMUM TEMPERATURE (F)   65        87      1900
 MINIMUM TEMPERATURE (F)   46        27      1958


SUNRISE AND SUNSET
OCTOBER  5 2022.......SUNRISE   7:13 AM EDT   SUNSET   6:45 PM EDT
OCTOBER  6 2022.......SUNRISE   7:14 AM EDT   SUNSET   6:43 PM EDT


-  INDICATES NEGATIVE NUMBERS.
R  INDICATES RECORD WAS SET OR TIED.
MM INDICATES DATA IS MISSING.
T  INDICATES TRACE AMOUNT.




$$
