000
CDUS45 KABQ 010830
CLIROW

CLIMATE REPORT
NATIONAL WEATHER SERVICE ALBUQUERQUE NM
230 AM MDT SAT OCT 01 2022

...................................

...THE ROSWELL NM CLIMATE SUMMARY FOR SEPTEMBER 30 2022...

CLIMATE NORMAL PERIOD 1991 TO 2020
CLIMATE RECORD PERIOD 1893 TO 2022


WEATHER ITEM   OBSERVED TIME   RECORD YEAR NORMAL DEPARTURE
                VALUE   (LST)  VALUE       VALUE  FROM
                                                  NORMAL
................................................................
TEMPERATURE (F)
 YESTERDAY
  MAXIMUM         86    259 PM  99    1977  83      3
  MINIMUM         56    325 AM  37    1908  56      0
  AVERAGE         71                        70      1

PRECIPITATION (IN)
  YESTERDAY        0.00          1.59 1982   0.05  -0.05
  MONTH TO DATE    0.13                      1.55  -1.42
  SINCE SEP 1      0.13                      1.55  -1.42
  SINCE JAN 1      7.19                      9.29  -2.10

SNOWFALL (IN)
  YESTERDAY        0.0                       0.0    0.0
  MONTH TO DATE    0.0                       0.0    0.0
  SINCE SEP 1      0.0                       0.0    0.0
  SINCE JUL 1      0.0                       0.0    0.0

DEGREE DAYS
 HEATING
  YESTERDAY        0                         1     -1
  MONTH TO DATE    0                         4     -4
  SINCE SEP 1      0                         4     -4
  SINCE JUL 1      0                         4     -4

 COOLING
  YESTERDAY        6                         5      1
  MONTH TO DATE  356                       291     65
  SINCE SEP 1    356                       291     65
  SINCE JAN 1   2559                      2167    392
................................................................


WIND (MPH)
  HIGHEST WIND SPEED    17   HIGHEST WIND DIRECTION     S (190)
  HIGHEST GUST SPEED    25   HIGHEST GUST DIRECTION    SE (140)
  AVERAGE WIND SPEED     4.8


SKY COVER
  AVERAGE SKY COVER 0.0


WEATHER CONDITIONS
THE FOLLOWING WEATHER WAS RECORDED YESTERDAY.
  NO SIGNIFICANT WEATHER WAS OBSERVED.


RELATIVE HUMIDITY (PERCENT)
 HIGHEST    57           600 AM
 LOWEST     20           400 PM
 AVERAGE    39

..........................................................


THE ROSWELL NM CLIMATE NORMALS FOR TODAY
                         NORMAL    RECORD    YEAR
 MAXIMUM TEMPERATURE (F)   83        98      2000
 MINIMUM TEMPERATURE (F)   55        35      1965


SUNRISE AND SUNSET
OCTOBER  1 2022.......SUNRISE   652 AM MDT   SUNSET   642 PM MDT
OCTOBER  2 2022.......SUNRISE   653 AM MDT   SUNSET   641 PM MDT


-  INDICATES NEGATIVE NUMBERS.
R  INDICATES RECORD WAS SET OR TIED.
MM INDICATES DATA IS MISSING.
T  INDICATES TRACE AMOUNT.




$$
