000
CDUS45 KCYS 010729
CLIRWL

CLIMATE REPORT
NATIONAL WEATHER SERVICE CHEYENNE WY
129 AM MDT SAT OCT 01 2022

...................................

...THE RAWLINS WYOMING AIRPORT CLIMATE SUMMARY FOR SEPTEMBER 30 2022...

CLIMATE NORMAL PERIOD 1991 TO 2020
CLIMATE RECORD PERIOD 1951 TO 2022


WEATHER ITEM   OBSERVED TIME   RECORD YEAR NORMAL DEPARTURE LAST
                VALUE   (LST)  VALUE       VALUE  FROM      YEAR
                                                  NORMAL
...................................................................
TEMPERATURE (F)
 YESTERDAY
  MAXIMUM         54   1130 AM  80    2010  65    -11       59
  MINIMUM         45   1100 PM   8    1985  36      9       36
  AVERAGE         50                        50      0       48

PRECIPITATION (IN)
  YESTERDAY        0.56          0.64 2007   0.03   0.53     0.00
  MONTH TO DATE    1.23                      0.89   0.34     1.54
  SINCE SEP 1      1.23                      0.89   0.34     1.54
  SINCE JAN 1      4.95                      7.49  -2.54     7.65

DEGREE DAYS
 HEATING
  YESTERDAY       15                        15      0       17
  MONTH TO DATE  165                       264    -99      185
  SINCE SEP 1    165                       264    -99      185
  SINCE JUL 1    170                       341   -171      226

 COOLING
  YESTERDAY        0                         0      0        0
  MONTH TO DATE   43                         8     35        7
  SINCE SEP 1     43                         8     35        7
  SINCE JAN 1    438                       225    213      410
...................................................................


WIND (MPH)
  HIGHEST WIND SPEED    25   HIGHEST WIND DIRECTION    SW (240)
  HIGHEST GUST SPEED    31   HIGHEST GUST DIRECTION    SW (230)
  AVERAGE WIND SPEED     8.3


SKY COVER
  POSSIBLE SUNSHINE  MM
  AVERAGE SKY COVER 0.9


WEATHER CONDITIONS
THE FOLLOWING WEATHER WAS RECORDED YESTERDAY.
  HEAVY RAIN
  RAIN
  LIGHT RAIN
  FOG


RELATIVE HUMIDITY (PERCENT)
 HIGHEST    93           200 AM
 LOWEST     63           600 PM
 AVERAGE    78

..........................................................


THE RAWLINS WYOMING AIRPORT CLIMATE NORMALS FOR TODAY
                         NORMAL    RECORD    YEAR
 MAXIMUM TEMPERATURE (F)   65        81      1957
                                             1992
                                             1997
 MINIMUM TEMPERATURE (F)   35        18      1985


SUNRISE AND SUNSET
OCTOBER  1 2022.......SUNRISE   706 AM MDT   SUNSET   650 PM MDT
OCTOBER  2 2022.......SUNRISE   707 AM MDT   SUNSET   649 PM MDT


-  INDICATES NEGATIVE NUMBERS.
R  INDICATES RECORD WAS SET OR TIED.
MM INDICATES DATA IS MISSING.
T  INDICATES TRACE AMOUNT.




$$
