000
CDUS45 KPIH 020730
CLIRXE

CLIMATE REPORT
NATIONAL WEATHER SERVICE POCATELLO ID
130 AM MDT SUN OCT 02 2022

...................................

...THE REXBURG CLIMATE SUMMARY FOR OCTOBER 1 2022...

CLIMATE NORMAL PERIOD 1991 TO 2020
CLIMATE RECORD PERIOD 1998 TO 2022


WEATHER ITEM   OBSERVED TIME   RECORD YEAR NORMAL DEPARTURE LAST
                VALUE   (LST)  VALUE       VALUE  FROM      YEAR
                                                  NORMAL
...................................................................
TEMPERATURE (F)
 YESTERDAY
  MAXIMUM         61    316 PM  83    2010  65     -4       70
                                      2011
  MINIMUM         46   1130 PM  28    2002  37      9       30
  AVERAGE         54                        51      3       50

PRECIPITATION (IN)
  YESTERDAY        0.07         MM      MM   0.03   0.04     0.00
  MONTH TO DATE    0.07                      0.03   0.04     0.00
  SINCE OCT 1      0.07                      0.03   0.04     0.00
  SINCE JAN 1      5.67                      9.23  -3.56     9.12

SNOWFALL (IN)
  YESTERDAY       MM
  MONTH TO DATE   MM
  SINCE SEP 1     MM
  SINCE JUL 1     MM
  SNOW DEPTH      MM

DEGREE DAYS
 HEATING
  YESTERDAY       11                        14     -3       15
  MONTH TO DATE   11                        14     -3       15
  SINCE SEP 1    107                       255   -148      211
  SINCE JUL 1    107                       316   -209      269

 COOLING
  YESTERDAY        0                         0      0        0
  MONTH TO DATE    0                         0      0        0
  SINCE SEP 1     71                        11     60       13
  SINCE JAN 1    641                       257    384      510
...................................................................


WIND (MPH)
  HIGHEST WIND SPEED    10   HIGHEST WIND DIRECTION    SE (150)
  HIGHEST GUST SPEED    16   HIGHEST GUST DIRECTION    SE (150)
  AVERAGE WIND SPEED     3.0


SKY COVER
  POSSIBLE SUNSHINE  MM
  AVERAGE SKY COVER 0.7


WEATHER CONDITIONS
THE FOLLOWING WEATHER WAS RECORDED YESTERDAY.
  LIGHT RAIN


RELATIVE HUMIDITY (PERCENT)
 HIGHEST    86           300 AM
 LOWEST     42           300 PM
 AVERAGE    64

..........................................................


THE REXBURG CLIMATE NORMALS FOR TODAY
                         NORMAL    RECORD    YEAR
 MAXIMUM TEMPERATURE (F)   65        85      2010
 MINIMUM TEMPERATURE (F)   37        25      2009


SUNRISE AND SUNSET
OCTOBER  2 2022.......SUNRISE   726 AM MDT   SUNSET   706 PM MDT
OCTOBER  3 2022.......SUNRISE   727 AM MDT   SUNSET   704 PM MDT


-  INDICATES NEGATIVE NUMBERS.
R  INDICATES RECORD WAS SET OR TIED.
MM INDICATES DATA IS MISSING.
T  INDICATES TRACE AMOUNT.




$$
