000
CDUS46 KSTO 060849
CLISAC

CLIMATE REPORT
NATIONAL WEATHER SERVICE SACRAMENTO
149 AM PDT THU OCT 06 2022

...................................

...THE SACRAMENTO EXEC. AIRPORT CA CLIMATE SUMMARY FOR OCTOBER 5 2022...

CLIMATE NORMAL PERIOD: 1991 TO 2020
CLIMATE RECORD PERIOD: 1941 TO 2022


WEATHER ITEM   OBSERVED TIME   RECORD YEAR NORMAL DEPARTURE LAST
                VALUE   (LST)  VALUE       VALUE  FROM      YEAR
                                                  NORMAL
...................................................................
TEMPERATURE (F)
 YESTERDAY
  MAXIMUM         90   4:35 PM  98    1987  83      7       82
  MINIMUM         56   4:51 AM  41    2009  53      3       58
  AVERAGE         73                        68      5       70

PRECIPITATION (IN)
  YESTERDAY        0.00          0.37 2011   0.02  -0.02     0.00
  MONTH TO DATE    0.00                      0.07  -0.07     0.00
  SINCE OCT 1      0.00                      0.07  -0.07     0.00
  SINCE JAN 1      2.45                     12.27  -9.82     4.53

DEGREE DAYS
 HEATING
  YESTERDAY        0                         1     -1        0
  MONTH TO DATE    0                         5     -5        0
  SINCE SEP 1      0                        10    -10        0
  SINCE JUL 1      0                        10    -10        0

 COOLING
  YESTERDAY        8                         4      4        5
  MONTH TO DATE   32                        22     10       30
  SINCE SEP 1    381                       252    129      291
  SINCE JAN 1   1637                      1249    388     1485
...................................................................


WIND (MPH)
  RESULTANT WIND SPEED   2   RESULTANT WIND DIRECTION  NW (310)
  HIGHEST WIND SPEED    14   HIGHEST WIND DIRECTION    NW (320)
  HIGHEST GUST SPEED    16   HIGHEST GUST DIRECTION    NW (300)
  AVERAGE WIND SPEED     3.1


WEATHER CONDITIONS
THE FOLLOWING WEATHER WAS RECORDED YESTERDAY.
  NO SIGNIFICANT WEATHER WAS OBSERVED.


RELATIVE HUMIDITY (PERCENT)
 HIGHEST    89           4:00 AM
 LOWEST     27           4:00 PM
 AVERAGE    58

..........................................................


THE SACRAMENTO EXEC. AIRPORT CA CLIMATE NORMALS FOR TODAY
                         NORMAL    RECORD    YEAR
 MAXIMUM TEMPERATURE (F)   83        98      1987
 MINIMUM TEMPERATURE (F)   53        44      1949
                                             2007


SUNRISE AND SUNSET
OCTOBER  6 2022.......SUNRISE   7:07 AM PDT   SUNSET   6:41 PM PDT
OCTOBER  7 2022.......SUNRISE   7:08 AM PDT   SUNSET   6:39 PM PDT


-  INDICATES NEGATIVE NUMBERS.
R  INDICATES RECORD WAS SET OR TIED.
MM INDICATES DATA IS MISSING.
T  INDICATES TRACE AMOUNT.




$$
