000
CDUS45 KTWC 261431
CLISAD

CLIMATE REPORT
NATIONAL WEATHER SERVICE TUCSON AZ
731 AM MST MON SEP 26 2022

...................................

...THE SAFFORD AZ AIRPORT CLIMATE SUMMARY FOR SEPTEMBER 26 2022...
VALID AS OF 0700 AM LOCAL TIME.

CLIMATE NORMAL PERIOD 1991 TO 2020
CLIMATE RECORD PERIOD 1998 TO 2022


WEATHER ITEM   OBSERVED TIME   RECORD YEAR NORMAL DEPARTURE LAST
                VALUE   (LST)  VALUE       VALUE  FROM      YEAR
                                                  NORMAL
...................................................................
TEMPERATURE (F)
 TODAY
  MINIMUM         64    523 AM  49    2017  61      3       60

PRECIPITATION (IN)
  TODAY            0.00          0.02 2021   0.03  -0.03     0.02
  MONTH TO DATE    0.54                      0.77  -0.23     2.07
  SINCE OCT 1      7.53                      7.87  -0.34     8.80
  SINCE JAN 1      6.24                      5.78   0.46     7.92

DEGREE DAYS
 HEATING
  TODAY            0                         0      0        0

 COOLING
  TODAY            5                        10     -5        4
...................................................................


WIND (MPH)
  HIGHEST WIND SPEED    12   HIGHEST WIND DIRECTION    SE (120)
  HIGHEST GUST SPEED    16   HIGHEST GUST DIRECTION    SE (120)


RELATIVE HUMIDITY (PERCENT)
 HIGHEST    49
 LOWEST     42
 AVERAGE    46

..........................................................


THE SAFFORD AZ AIRPORT CLIMATE NORMALS FOR TOMORROW
                         NORMAL    RECORD    YEAR
 MAXIMUM TEMPERATURE (F)   89       102      2005
 MINIMUM TEMPERATURE (F)   60        54      2001


SUNRISE AND SUNSET
SEPTEMBER 26 2022.....SUNRISE   609 AM MST   SUNSET   610 PM MST
SEPTEMBER 27 2022.....SUNRISE   610 AM MST   SUNSET   608 PM MST


-  INDICATES NEGATIVE NUMBERS.
R  INDICATES RECORD WAS SET OR TIED.
MM INDICATES DATA IS MISSING.
T  INDICATES TRACE AMOUNT.




$$
