000
CDUS46 KSGX 061011
CLISAN

CLIMATE REPORT
NATIONAL WEATHER SERVICE SAN DIEGO, CA
311 AM PDT THU OCT 06 2022

...................................

...THE SAN DIEGO INTL AIRPORT CA CLIMATE SUMMARY FOR OCTOBER 5 2022...

CLIMATE NORMAL PERIOD: 1991 TO 2020
CLIMATE RECORD PERIOD: 1874 TO 2022


WEATHER ITEM   OBSERVED TIME   RECORD YEAR NORMAL DEPARTURE LAST
                VALUE   (LST)  VALUE       VALUE  FROM      YEAR
                                                  NORMAL
...................................................................
TEMPERATURE (F)
 YESTERDAY
  MAXIMUM         70   3:21 PM  97    1971  75     -5       76
  MINIMUM         65   7:29 AM  48    1884  64      1       67
  AVERAGE         68                        70     -2       72

PRECIPITATION (IN)
  YESTERDAY        0.00          0.55 1925   0.01  -0.01     0.17
  MONTH TO DATE    0.00                      0.04  -0.04     0.64
  SINCE JUL 1      0.65                      0.25   0.40     1.37
  SINCE OCT 1      0.00                      0.04  -0.04     0.64
  SINCE JAN 1      3.16                      6.87  -3.71     4.90

DEGREE DAYS
 HEATING
  YESTERDAY        0                         0      0        0
  MONTH TO DATE    0                         0      0        0
  SINCE SEP 1      0                         0      0        0
  SINCE JUL 1      0                         1     -1        0

 COOLING
  YESTERDAY        3                         5     -2        7
  MONTH TO DATE   25                        25      0       44
  SINCE SEP 1    351                       226    125      278
  SINCE JAN 1    895                       786    109      979
...................................................................


WIND (MPH)
  RESULTANT WIND SPEED   3   RESULTANT WIND DIRECTION  SW (210)
  HIGHEST WIND SPEED     9   HIGHEST WIND DIRECTION    SW (220)
  HIGHEST GUST SPEED    20   HIGHEST GUST DIRECTION     S (200)
  AVERAGE WIND SPEED     4.4


SKY COVER
  POSSIBLE SUNSHINE  MM
  AVERAGE SKY COVER 1.0


WEATHER CONDITIONS
THE FOLLOWING WEATHER WAS RECORDED YESTERDAY.
  FOG
  HAZE


RELATIVE HUMIDITY (PERCENT)
 HIGHEST    87           1:00 AM
 LOWEST     78          11:00 AM
 AVERAGE    83

..........................................................


THE SAN DIEGO INTL AIRPORT CA CLIMATE NORMALS FOR TODAY
                         NORMAL    RECORD    YEAR
 MAXIMUM TEMPERATURE (F)   75       101      1971
 MINIMUM TEMPERATURE (F)   63        47      1884


SUNRISE AND SUNSET
OCTOBER  6 2022.......SUNRISE   6:46 AM PDT   SUNSET   6:27 PM PDT
OCTOBER  7 2022.......SUNRISE   6:47 AM PDT   SUNSET   6:25 PM PDT


-  INDICATES NEGATIVE NUMBERS.
R  INDICATES RECORD WAS SET OR TIED.
MM INDICATES DATA IS MISSING.
T  INDICATES TRACE AMOUNT.




$$
