000
CDUS42 KCHS 290600
CLISAV

CLIMATE REPORT
NATIONAL WEATHER SERVICE CHARLESTON SC
200 AM EDT THU SEP 29 2022

...................................

...THE SAVANNAH GA CLIMATE SUMMARY FOR SEPTEMBER 28 2022...

CLIMATE NORMAL PERIOD 1991 TO 2020
CLIMATE RECORD PERIOD 1871 TO 2022


WEATHER ITEM   OBSERVED TIME   RECORD YEAR NORMAL DEPARTURE LAST
                VALUE   (LST)  VALUE       VALUE  FROM      YEAR
                                                  NORMAL
...................................................................
TEMPERATURE (F)
 YESTERDAY
  MAXIMUM         71    135 PM  98    1986  84    -13       87
  MINIMUM         59    411 AM  50    1962  66     -7       63
  AVERAGE         65                        75    -10       75

PRECIPITATION (IN)
  YESTERDAY        0.00          3.75 1874   0.15  -0.15     0.00
  MONTH TO DATE    4.71                      4.06   0.65     9.52
  SINCE SEP 1      4.71                      4.06   0.65     9.52
  SINCE JAN 1     32.00                     38.51  -6.51    42.32

DEGREE DAYS
 HEATING
  YESTERDAY        0                         0      0        0
  MONTH TO DATE    0                         0      0        0
  SINCE SEP 1      0                         0      0        0
  SINCE JUL 1      0                         0      0        0

 COOLING
  YESTERDAY        0                        10    -10       10
  MONTH TO DATE  337                       361    -24      322
  SINCE SEP 1    337                       361    -24      322
  SINCE JAN 1   2455                      2363     92     2231
...................................................................


WIND (MPH)
  HIGHEST WIND SPEED    22   HIGHEST WIND DIRECTION    NE (40)
  HIGHEST GUST SPEED    29   HIGHEST GUST DIRECTION    NE (40)
  AVERAGE WIND SPEED    13.3


SKY COVER
  POSSIBLE SUNSHINE  MM
  AVERAGE SKY COVER 0.7


WEATHER CONDITIONS
THE FOLLOWING WEATHER WAS RECORDED YESTERDAY.
  NO SIGNIFICANT WEATHER WAS OBSERVED.


RELATIVE HUMIDITY (PERCENT)
 HIGHEST    90           100 AM
 LOWEST     35           900 PM
 AVERAGE    63

..........................................................


THE SAVANNAH GA CLIMATE NORMALS FOR TODAY
                         NORMAL    RECORD    YEAR
 MAXIMUM TEMPERATURE (F)   84        94      1941
                                             2019
 MINIMUM TEMPERATURE (F)   65        50      1962


SUNRISE AND SUNSET
SEPTEMBER 29 2022.....SUNRISE   717 AM EDT   SUNSET   712 PM EDT
SEPTEMBER 30 2022.....SUNRISE   718 AM EDT   SUNSET   711 PM EDT


-  INDICATES NEGATIVE NUMBERS.
R  INDICATES RECORD WAS SET OR TIED.
MM INDICATES DATA IS MISSING.
T  INDICATES TRACE AMOUNT.




$$
