000
CDUS46 KLOX 260845
CLISBA

CLIMATE REPORT
NATIONAL WEATHER SERVICE LOS ANGELES/OXNARD
145 AM PDT MON SEP 26 2022

...................................

...THE SANTA BARBARA AIRPORT CA CLIMATE SUMMARY FOR SEPTEMBER 25 2022...

CLIMATE NORMAL PERIOD: 1991 TO 2020
CLIMATE RECORD PERIOD: 1940 TO 2022


WEATHER ITEM   OBSERVED TIME   RECORD YEAR NORMAL DEPARTURE LAST
                VALUE   (LST)  VALUE       VALUE  FROM      YEAR
                                                  NORMAL
...................................................................
TEMPERATURE (F)
 YESTERDAY
  MAXIMUM         77   2:50 PM  98    1978  74      3       66
  MINIMUM         59   6:04 AM  47    1941  55      4       56
  AVERAGE         68                        64      4       61

PRECIPITATION (IN)
  YESTERDAY        0.00          0.51 1982   0.01  -0.01     0.00
  MONTH TO DATE    0.11                      0.05   0.06     0.00
  SINCE JUL 1      0.11                      0.08   0.03      T
  SINCE OCT 1     10.64                     17.23  -6.59     7.31
  SINCE JAN 1      1.81                     12.32 -10.51     5.36

SNOWFALL (IN)
  YESTERDAY       MM
  MONTH TO DATE   MM
  SINCE SEP 1     MM
  SINCE JUL 1     MM

DEGREE DAYS
 HEATING
  YESTERDAY        0                         2     -2        4
  MONTH TO DATE    3                        32    -29       57
  SINCE SEP 1      3                        32    -29       57
  SINCE JUL 1     20                        84    -64       66

 COOLING
  YESTERDAY        3                         1      2        0
  MONTH TO DATE  154                        39    115       19
  SINCE SEP 1    154                        39    115       19
  SINCE JAN 1    350                       183    167      170
...................................................................


WIND (MPH)
  HIGHEST WIND SPEED    13   HIGHEST WIND DIRECTION     W (260)
  HIGHEST GUST SPEED    15   HIGHEST GUST DIRECTION     W (260)
  AVERAGE WIND SPEED     5.0


SKY COVER
  POSSIBLE SUNSHINE  MM
  AVERAGE SKY COVER 0.0


WEATHER CONDITIONS
THE FOLLOWING WEATHER WAS RECORDED YESTERDAY.
  FOG


RELATIVE HUMIDITY (PERCENT)
 HIGHEST    93           6:00 AM
 LOWEST     56           2:00 PM
 AVERAGE    75

..........................................................


THE SANTA BARBARA AIRPORT CA CLIMATE NORMALS FOR TODAY
                         NORMAL    RECORD    YEAR
 MAXIMUM TEMPERATURE (F)   74       103      1963
 MINIMUM TEMPERATURE (F)   54        43      1948


SUNRISE AND SUNSET
SEPTEMBER 26 2022.....SUNRISE   6:50 AM PDT   SUNSET   6:50 PM PDT
SEPTEMBER 27 2022.....SUNRISE   6:51 AM PDT   SUNSET   6:49 PM PDT


-  INDICATES NEGATIVE NUMBERS.
R  INDICATES RECORD WAS SET OR TIED.
MM INDICATES DATA IS MISSING.
T  INDICATES TRACE AMOUNT.




$$
