000
CDUS43 KIWX 010532
CLISBN

CLIMATE REPORT
NATIONAL WEATHER SERVICE NORTHERN INDIANA
132 AM EDT SAT OCT 01 2022

...................................

...THE SOUTH BEND CLIMATE SUMMARY FOR SEPTEMBER 30 2022...

CLIMATE NORMAL PERIOD 1991 TO 2020
CLIMATE RECORD PERIOD 1893 TO 2022


WEATHER ITEM   OBSERVED TIME   RECORD YEAR NORMAL DEPARTURE LAST
                VALUE   (LST)  VALUE       VALUE  FROM      YEAR
                                                  NORMAL
...................................................................
TEMPERATURE (F)
 YESTERDAY
  MAXIMUM         68    322 PM  91    1897  69     -1       79
  MINIMUM         40    710 AM  31    1899  48     -8       54
                                      1947
  AVERAGE         54                        58     -4       67

PRECIPITATION (IN)
  YESTERDAY        0.00          1.64 1927   0.11  -0.11     0.00
  MONTH TO DATE    2.41                      3.49  -1.08     1.96
  SINCE SEP 1      2.41                      3.49  -1.08     1.96
  SINCE JAN 1     26.37                     30.33  -3.96    30.49

DEGREE DAYS
 HEATING
  YESTERDAY       11                         8      3        0
  MONTH TO DATE   99                       116    -17       27
  SINCE SEP 1     99                       116    -17       27
  SINCE JUL 1     99                       137    -38       27

 COOLING
  YESTERDAY        0                         1     -1        2
  MONTH TO DATE  125                        77     48      158
  SINCE SEP 1    125                        77     48      158
  SINCE JAN 1    995                       714    281     1110
...................................................................


WIND (MPH)
  HIGHEST WIND SPEED    13   HIGHEST WIND DIRECTION    SE (120)
  HIGHEST GUST SPEED    16   HIGHEST GUST DIRECTION    NE (50)
  AVERAGE WIND SPEED     4.3


SKY COVER
  AVERAGE SKY COVER 0.0


WEATHER CONDITIONS
THE FOLLOWING WEATHER WAS RECORDED YESTERDAY.
  FOG


RELATIVE HUMIDITY (PERCENT)
 HIGHEST    97           300 AM
 LOWEST     43           500 PM
 AVERAGE    70

..........................................................


THE SOUTH BEND CLIMATE NORMALS FOR TODAY
                         NORMAL    RECORD    YEAR
 MAXIMUM TEMPERATURE (F)   69        90      1897
                                             2019
 MINIMUM TEMPERATURE (F)   47        31      1899
                                             1947


SUNRISE AND SUNSET
OCTOBER  1 2022.......SUNRISE   742 AM EDT   SUNSET   727 PM EDT
OCTOBER  2 2022.......SUNRISE   743 AM EDT   SUNSET   725 PM EDT


-  INDICATES NEGATIVE NUMBERS.
R  INDICATES RECORD WAS SET OR TIED.
MM INDICATES DATA IS MISSING.
T  INDICATES TRACE AMOUNT.




$$
