000
CDUS41 KAKQ 260532
CLISBY

CLIMATE REPORT
NATIONAL WEATHER SERVICE WAKEFIELD VA
132 AM EDT MON SEP 26 2022

...................................

...THE SALISBURY MD CLIMATE SUMMARY FOR SEPTEMBER 25 2022...

CLIMATE NORMAL PERIOD: 1991 TO 2020
CLIMATE RECORD PERIOD: 1900 TO 2022


WEATHER ITEM   OBSERVED TIME   RECORD YEAR NORMAL DEPARTURE LAST
                VALUE   (LST)  VALUE       VALUE  FROM      YEAR
                                                  NORMAL
...................................................................
TEMPERATURE (F)
 YESTERDAY
  MAXIMUM         81   1:35 PM  93    1930  77      4       80
                                      1933
  MINIMUM         54  12:06 AM  37    1963  57     -3       50
  AVERAGE         68                        67      1       65

PRECIPITATION (IN)
  YESTERDAY        T             2.74 1992   0.14  -0.14     0.00
  MONTH TO DATE    3.42                      3.69  -0.27     2.28
  SINCE SEP 1      3.42                      3.69  -0.27     2.28
  SINCE JAN 1     35.91                     35.80   0.11    34.65

SNOWFALL (IN)
  YESTERDAY        0.0           0.0  2001   0.0    0.0
                                      2002
  MONTH TO DATE    0.0                       0.0    0.0
  SINCE SEP 1      0.0                       0.0    0.0
  SINCE JUL 1      0.0                       0.0    0.0
  SNOW DEPTH       0

DEGREE DAYS
 HEATING
  YESTERDAY        0                         2     -2        0
  MONTH TO DATE   14                        15     -1        0
  SINCE SEP 1     14                        15     -1        0
  SINCE JUL 1     14                        15     -1        0

 COOLING
  YESTERDAY        3                         4     -1        0
  MONTH TO DATE  176                       156     20      207
  SINCE SEP 1    176                       156     20      207
  SINCE JAN 1   1465                      1249    216     1488
...................................................................


WIND (MPH)
  HIGHEST WIND SPEED    24   HIGHEST WIND DIRECTION    SW (220)
  HIGHEST GUST SPEED    40   HIGHEST GUST DIRECTION     S (190)
  AVERAGE WIND SPEED    10.1


SKY COVER
  POSSIBLE SUNSHINE  MM
  AVERAGE SKY COVER 0.3


WEATHER CONDITIONS
THE FOLLOWING WEATHER WAS RECORDED YESTERDAY.
  LIGHT RAIN


RELATIVE HUMIDITY (PERCENT)
 HIGHEST    90           4:00 AM
 LOWEST     49           1:00 PM
 AVERAGE    70

..........................................................


THE SALISBURY MD CLIMATE NORMALS FOR TODAY
                         NORMAL    RECORD    YEAR
 MAXIMUM TEMPERATURE (F)   76        95      1930
 MINIMUM TEMPERATURE (F)   56        38      1950


SUNRISE AND SUNSET
SEPTEMBER 26 2022.....SUNRISE   6:53 AM EDT   SUNSET   6:53 PM EDT
SEPTEMBER 27 2022.....SUNRISE   6:54 AM EDT   SUNSET   6:51 PM EDT


-  INDICATES NEGATIVE NUMBERS.
R  INDICATES RECORD WAS SET OR TIED.
MM INDICATES DATA IS MISSING.
T  INDICATES TRACE AMOUNT.




$$
