000
CDUS46 KSTO 060849
CLISCK

CLIMATE REPORT
NATIONAL WEATHER SERVICE SACRAMENTO
149 AM PDT THU OCT 06 2022

...................................

...THE STOCKTON AIRPORT CA CLIMATE SUMMARY FOR OCTOBER 5 2022...

CLIMATE NORMAL PERIOD: 1991 TO 2020
CLIMATE RECORD PERIOD: 1948 TO 2022


WEATHER ITEM   OBSERVED TIME   RECORD YEAR NORMAL DEPARTURE LAST
                VALUE   (LST)  VALUE       VALUE  FROM      YEAR
                                                  NORMAL
...................................................................
TEMPERATURE (F)
 YESTERDAY
  MAXIMUM         92   3:33 PM  98    1987  85      7       83
  MINIMUM         54   4:53 AM  40    2009  54      0       52
  AVERAGE         73                        69      4       68

PRECIPITATION (IN)
  YESTERDAY        0.00          0.46 2011   0.02  -0.02     0.00
  MONTH TO DATE    0.00                      0.06  -0.06     0.00
  SINCE OCT 1      0.00                      0.06  -0.06     0.00
  SINCE JAN 1      1.66                      9.01  -7.35     5.96

DEGREE DAYS
 HEATING
  YESTERDAY        0                         1     -1        0
  MONTH TO DATE    0                         1     -1        0
  SINCE SEP 1      0                         4     -4        1
  SINCE JUL 1      0                         4     -4        1

 COOLING
  YESTERDAY        8                         5      3        3
  MONTH TO DATE   31                        27      4       23
  SINCE SEP 1    427                       298    129      251
  SINCE JAN 1   1837                      1513    324     1380
...................................................................


WIND (MPH)
  RESULTANT WIND SPEED   2   RESULTANT WIND DIRECTION  NW (300)
  HIGHEST WIND SPEED     9   HIGHEST WIND DIRECTION    NW (300)
  HIGHEST GUST SPEED    14   HIGHEST GUST DIRECTION    NW (330)
  AVERAGE WIND SPEED     3.9


WEATHER CONDITIONS
THE FOLLOWING WEATHER WAS RECORDED YESTERDAY.
  NO SIGNIFICANT WEATHER WAS OBSERVED.


RELATIVE HUMIDITY (PERCENT)
 HIGHEST    90           7:00 AM
 LOWEST     28           3:00 PM
 AVERAGE    59

..........................................................


THE STOCKTON AIRPORT CA CLIMATE NORMALS FOR TODAY
                         NORMAL    RECORD    YEAR
 MAXIMUM TEMPERATURE (F)   84        96      1987
 MINIMUM TEMPERATURE (F)   53        41      2007


SUNRISE AND SUNSET
OCTOBER  6 2022.......SUNRISE   7:05 AM PDT   SUNSET   6:40 PM PDT
OCTOBER  7 2022.......SUNRISE   7:06 AM PDT   SUNSET   6:39 PM PDT


-  INDICATES NEGATIVE NUMBERS.
R  INDICATES RECORD WAS SET OR TIED.
MM INDICATES DATA IS MISSING.
T  INDICATES TRACE AMOUNT.




$$
