000
CDUS46 KLOX 060133
CLISDB

CLIMATE REPORT
NATIONAL WEATHER SERVICE LOS ANGELES/OXNARD
633 PM PDT WED OCT 05 2022

...................................

...THE SANDBERG CA CLIMATE SUMMARY FOR OCTOBER 5 2022...
VALID TODAY AS OF 0500 PM LOCAL TIME.

CLIMATE NORMAL PERIOD: 1991 TO 2020
CLIMATE RECORD PERIOD: 1934 TO 2022


WEATHER ITEM   OBSERVED TIME   RECORD YEAR NORMAL DEPARTURE LAST
                VALUE   (LST)  VALUE       VALUE  FROM      YEAR
                                                  NORMAL
...................................................................
TEMPERATURE (F)
 TODAY
  MAXIMUM         87        MM  92    1987  75     12       77
  MINIMUM         68   3:00 AM  35    2009  55     13       58
  AVERAGE         78                        65     13       68

PRECIPITATION (IN)
  TODAY            0.00          0.50 2011   0.02  -0.02     0.00
  MONTH TO DATE    0.00                      0.06  -0.06     0.00
  SINCE JUL 1      2.07                      0.34   1.73     0.03
  SINCE OCT 1      0.00                      0.06  -0.06     0.00
  SINCE JAN 1      6.63                      9.77  -3.14     2.01

DEGREE DAYS
 HEATING
  TODAY            0                         4     -4        0
  MONTH TO DATE    0                        17    -17        0
  SINCE SEP 1     36                        53    -17       11
  SINCE JUL 1     38                        60    -22       12

 COOLING
  TODAY           13                         4      9        3
  MONTH TO DATE   41                        22     19       39
  SINCE SEP 1    340                       267     73      369
  SINCE JAN 1   1477                      1232    245     1880
...................................................................


WIND (MPH)
  HIGHEST WIND SPEED    20   HIGHEST WIND DIRECTION    NW (320)
  HIGHEST GUST SPEED    33   HIGHEST GUST DIRECTION    NW (320)
  AVERAGE WIND SPEED     9.4


SKY COVER
  POSSIBLE SUNSHINE  MM
  AVERAGE SKY COVER 0.0


WEATHER CONDITIONS
THE FOLLOWING WEATHER WAS RECORDED TODAY.
  NO SIGNIFICANT WEATHER WAS OBSERVED.


RELATIVE HUMIDITY (PERCENT)
 HIGHEST    22           3:00 AM
 LOWEST     11           9:00 AM
 AVERAGE    17

..........................................................


THE SANDBERG CA CLIMATE NORMALS FOR TOMORROW
                         NORMAL    RECORD    YEAR
 MAXIMUM TEMPERATURE (F)   75        92      1987
 MINIMUM TEMPERATURE (F)   55        36      1967
                                             2007


SUNRISE AND SUNSET
OCTOBER  5 2022.......SUNRISE   6:53 AM PDT   SUNSET   6:33 PM PDT
OCTOBER  6 2022.......SUNRISE   6:54 AM PDT   SUNSET   6:32 PM PDT


-  INDICATES NEGATIVE NUMBERS.
R  INDICATES RECORD WAS SET OR TIED.
MM INDICATES DATA IS MISSING.
T  INDICATES TRACE AMOUNT.




$$
