000
CDUS43 KLMK 292030
CLISDF

CLIMATE REPORT
NATIONAL WEATHER SERVICE LOUISVILLE KY
430 PM EDT THU SEP 29 2022

...................................

...THE LOUISVILLE KY CLIMATE SUMMARY FOR SEPTEMBER 29 2022...
VALID TODAY AS OF 0425 PM LOCAL TIME.

CLIMATE NORMAL PERIOD 1991 TO 2020
CLIMATE RECORD PERIOD 1871 TO 2022


WEATHER ITEM   OBSERVED TIME   RECORD YEAR NORMAL DEPARTURE LAST
                VALUE   (LST)  VALUE       VALUE  FROM      YEAR
                                                  NORMAL
...................................................................
TEMPERATURE (F)
 TODAY
  MAXIMUM         71    258 PM  99    1953  77     -6       89
  MINIMUM         47    701 AM  38    1967  57    -10       66
  AVERAGE         59                        67     -8       78

PRECIPITATION (IN)
  TODAY            0.00          2.33 1955   0.13  -0.13     0.00
  MONTH TO DATE    2.04                      3.52  -1.48     4.76
  SINCE SEP 1      2.04                      3.52  -1.48     4.76
  SINCE JAN 1     36.48                     36.93  -0.45    39.11

SNOWFALL (IN)
  TODAY            0.0          MM      MM   0.0    0.0      0.0
  MONTH TO DATE    0.0                       0.0    0.0      0.0
  SINCE SEP 1      0.0                       0.0    0.0      0.0
  SINCE JUL 1      0.0                       0.0    0.0      0.0
  SNOW DEPTH       0

DEGREE DAYS
 HEATING
  TODAY            6                         2      4        0
  MONTH TO DATE   26                        17      9       10
  SINCE SEP 1     26                        17      9       10
  SINCE JUL 1     26                        17      9       10

 COOLING
  TODAY            0                         4     -4       13
  MONTH TO DATE  245                       229     16      258
  SINCE SEP 1    245                       229     16      258
  SINCE JAN 1   1874                      1683    191     1790
...................................................................


WIND (MPH)
  HIGHEST WIND SPEED    17   HIGHEST WIND DIRECTION     N (10)
  HIGHEST GUST SPEED    23   HIGHEST GUST DIRECTION     N (10)
  AVERAGE WIND SPEED     7.4


SKY COVER
  POSSIBLE SUNSHINE  MM
  AVERAGE SKY COVER 0.2


WEATHER CONDITIONS
THE FOLLOWING WEATHER WAS RECORDED TODAY.
  NO SIGNIFICANT WEATHER WAS OBSERVED.


RELATIVE HUMIDITY (PERCENT)
 HIGHEST    86           500 AM
 LOWEST     42           300 PM
 AVERAGE    64

..........................................................


THE LOUISVILLE KY CLIMATE NORMALS FOR TOMORROW
                         NORMAL    RECORD    YEAR
 MAXIMUM TEMPERATURE (F)   77        98      2019
 MINIMUM TEMPERATURE (F)   56        33      1949


SUNRISE AND SUNSET
SEPTEMBER 29 2022.....SUNRISE   737 AM EDT   SUNSET   729 PM EDT
SEPTEMBER 30 2022.....SUNRISE   738 AM EDT   SUNSET   727 PM EDT


-  INDICATES NEGATIVE NUMBERS.
R  INDICATES RECORD WAS SET OR TIED.
MM INDICATES DATA IS MISSING.
T  INDICATES TRACE AMOUNT.




$$
