000
CDUS46 KSGX 061011
CLISDM

CLIMATE REPORT
NATIONAL WEATHER SERVICE SAN DIEGO, CA
311 AM PDT THU OCT 06 2022

...................................

...THE SAN DIEGO/BROWN CLIMATE SUMMARY FOR OCTOBER 5 2022...

CLIMATE NORMAL PERIOD: 1991 TO 2020
CLIMATE RECORD PERIOD: 1997 TO 2022


WEATHER ITEM   OBSERVED TIME   RECORD YEAR NORMAL DEPARTURE LAST
                VALUE   (LST)  VALUE       VALUE  FROM      YEAR
                                                  NORMAL
...................................................................
TEMPERATURE (F)
 YESTERDAY
  MAXIMUM         74  12:50 PM  95    2020  78     -4       77
  MINIMUM         64  11:58 PM  48    2002  57      7       64
  AVERAGE         69                        68      1       71

PRECIPITATION (IN)
  YESTERDAY        0.00          0.62 2015   0.01  -0.01     0.12
  MONTH TO DATE    0.00                      0.04  -0.04     0.56
  SINCE JUL 1      0.28                      0.27   0.01     0.62
  SINCE OCT 1      0.00                      0.04  -0.04     0.56
  SINCE JAN 1      5.49                      7.18  -1.69     5.13

DEGREE DAYS
 HEATING
  YESTERDAY        0                         1     -1        0
  MONTH TO DATE    0                         5     -5        0
  SINCE SEP 1      0                        11    -11        0
  SINCE JUL 1      0                        13    -13        0

 COOLING
  YESTERDAY        4                         3      1        6
  MONTH TO DATE   20                        17      3       50
  SINCE SEP 1    342                       182    160      273
  SINCE JAN 1   1064                       649    415      992
...................................................................


WIND (MPH)
  RESULTANT WIND SPEED   2   RESULTANT WIND DIRECTION   W (280)
  HIGHEST WIND SPEED    12   HIGHEST WIND DIRECTION     W (270)
  HIGHEST GUST SPEED    15   HIGHEST GUST DIRECTION     W (290)
  AVERAGE WIND SPEED     3.4


SKY COVER
  POSSIBLE SUNSHINE  MM
  AVERAGE SKY COVER 0.8


WEATHER CONDITIONS
THE FOLLOWING WEATHER WAS RECORDED YESTERDAY.
  FOG
  HAZE


RELATIVE HUMIDITY (PERCENT)
 HIGHEST    90           5:00 PM
 LOWEST     68           1:00 PM
 AVERAGE    79

..........................................................


THE SAN DIEGO/BROWN CLIMATE NORMALS FOR TODAY
                         NORMAL    RECORD    YEAR
 MAXIMUM TEMPERATURE (F)   77        95      2005
 MINIMUM TEMPERATURE (F)   57        49      2009


SUNRISE AND SUNSET
OCTOBER  6 2022.......SUNRISE   6:45 AM PDT   SUNSET   6:26 PM PDT
OCTOBER  7 2022.......SUNRISE   6:46 AM PDT   SUNSET   6:25 PM PDT


-  INDICATES NEGATIVE NUMBERS.
R  INDICATES RECORD WAS SET OR TIED.
MM INDICATES DATA IS MISSING.
T  INDICATES TRACE AMOUNT.




$$
