000
CDUS46 KSEW 260828
CLISEW

CLIMATE REPORT
NATIONAL WEATHER SERVICE SEATTLE
128 AM PDT MON SEP 26 2022

...................................

...THE SEATTLE WA WFO CLIMATE SUMMARY FOR SEPTEMBER 25 2022...

CLIMATE NORMAL PERIOD 1991 TO 2020
CLIMATE RECORD PERIOD 1894 TO 2022


WEATHER ITEM   OBSERVED TIME   RECORD YEAR     LAST
                VALUE   (LST)  VALUE           YEAR
.....................................................
TEMPERATURE (F)
 YESTERDAY
  MAXIMUM         80        MM  81    1991    79
  MINIMUM         52        MM  36    1908    51
  AVERAGE         66                          65

PRECIPITATION (IN)
  YESTERDAY        0.00          0.72 1901     0.00
  MONTH TO DATE    0.10                        1.42
  SINCE OCT 1     40.08                       35.74
  SINCE JAN 1     23.05                       21.42

SNOWFALL (IN)
  YESTERDAY        0.0                         0.0
  MONTH TO DATE    0.0                         0.0
  SINCE OCT 1      5.3                         9.2
  SINCE JUL 1      0.0                         0.0
  SNOW DEPTH      MM

DEGREE DAYS
 HEATING
  YESTERDAY        0                           0
  MONTH TO DATE   17                          57
  SINCE SEP 1     17                          57
  SINCE JUL 1     36                          81

 COOLING
  YESTERDAY        1                           0
  MONTH TO DATE   42                          21
  SINCE SEP 1     42                          21
  SINCE JAN 1    392                         407
.....................................................


WEATHER CONDITIONS
THE FOLLOWING WEATHER WAS RECORDED YESTERDAY.
  NO SIGNIFICANT WEATHER WAS OBSERVED.



-  INDICATES NEGATIVE NUMBERS.
R  INDICATES RECORD WAS SET OR TIED.
MM INDICATES DATA IS MISSING.
T  INDICATES TRACE AMOUNT.




$$
