000
CDUS42 KMLB 052018
CLISFB

CLIMATE REPORT
NATIONAL WEATHER SERVICE MELBOURNE FL
418 PM EDT WED OCT 05 2022

...................................

...THE SANFORD CLIMATE SUMMARY FOR OCTOBER 5 2022...
VALID TODAY AS OF 0400 PM LOCAL TIME.

CLIMATE NORMAL PERIOD 1991 TO 2020
CLIMATE RECORD PERIOD 1948 TO 2022


WEATHER ITEM   OBSERVED TIME   RECORD YEAR NORMAL DEPARTURE LAST
                VALUE   (LST)  VALUE       VALUE  FROM      YEAR
                                                  NORMAL
...................................................................
TEMPERATURE (F)
 TODAY
  MAXIMUM         82    256 PM  92    1986  87     -5       91
                                      1995
                                      2018
  MINIMUM         63    635 AM  57    1977  70     -7       70
                                      1987
  AVERAGE         73                        78     -5       81

PRECIPITATION (IN)
  TODAY            0.00          1.94 2005   0.17  -0.17     0.00
  MONTH TO DATE    0.00                      0.92  -0.92     0.02
  SINCE SEP 1     21.21                      7.16  14.05    10.43
  SINCE JAN 1     55.54                     42.53  13.01    42.93

SNOWFALL (IN)
  TODAY            0.0
  MONTH TO DATE    0.0
  SINCE JUL 1      0.0

DEGREE DAYS
 HEATING
  TODAY            0                         0      0        0
  MONTH TO DATE    0                         0      0        0
  SINCE SEP 1      0                         0      0        0
  SINCE JUL 1      0                         0      0        0

 COOLING
  TODAY            8                        13     -5       16
  MONTH TO DATE   43                        69    -26       75
  SINCE SEP 1    534                       561    -27      565
  SINCE JAN 1   3263                      3075    188     3219
...................................................................


WIND (MPH)
  HIGHEST WIND SPEED    12   HIGHEST WIND DIRECTION     N (10)
  HIGHEST GUST SPEED    15   HIGHEST GUST DIRECTION     N (340)
  AVERAGE WIND SPEED     6.0


SKY COVER
  AVERAGE SKY COVER 0.0


WEATHER CONDITIONS
THE FOLLOWING WEATHER WAS RECORDED TODAY.
  NO SIGNIFICANT WEATHER WAS OBSERVED.


RELATIVE HUMIDITY (PERCENT)
 HIGHEST    90           600 AM
 LOWEST     41           300 PM
 AVERAGE    66

..........................................................


THE SANFORD CLIMATE NORMALS FOR TOMORROW
                         NORMAL    RECORD    YEAR
 MAXIMUM TEMPERATURE (F)   87        93      1971
 MINIMUM TEMPERATURE (F)   70        55      1987


SUNRISE AND SUNSET
OCTOBER  5 2022.......SUNRISE   720 AM EDT   SUNSET   706 PM EDT
OCTOBER  6 2022.......SUNRISE   721 AM EDT   SUNSET   705 PM EDT


-  INDICATES NEGATIVE NUMBERS.
R  INDICATES RECORD WAS SET OR TIED.
MM INDICATES DATA IS MISSING.
T  INDICATES TRACE AMOUNT.




$$
