000
CDUS46 KMTR 020842
CLISFD

CLIMATE REPORT
NATIONAL WEATHER SERVICE SAN FRANCISCO BAY AREA
142 AM PDT SUN OCT 02 2022

...................................

...THE SAN FRANCISCO DWTN CA CLIMATE SUMMARY FOR OCTOBER 1 2022...

CLIMATE NORMAL PERIOD: 1991 TO 2020
CLIMATE RECORD PERIOD: 1850 TO 2022


WEATHER ITEM   OBSERVED TIME   RECORD YEAR NORMAL DEPARTURE LAST
                VALUE   (LST)  VALUE       VALUE  FROM      YEAR
                                                  NORMAL
...................................................................
TEMPERATURE (F)
 YESTERDAY
  MAXIMUM         66   2:43 PM  97    1980  71     -5       85
  MINIMUM         56   7:43 AM  49    1950  55      1       55
  AVERAGE         61                        63     -2       70

PRECIPITATION (IN)
  YESTERDAY        0.00          1.31 1926   0.01  -0.01     0.00
  MONTH TO DATE    0.00                      0.01  -0.01     0.00
  SINCE OCT 1      0.00                      0.01  -0.01     0.00
  SINCE JAN 1      2.89                     14.60 -11.71     6.47

DEGREE DAYS
 HEATING
  YESTERDAY        4                         3      1        0
  MONTH TO DATE    4                         3      1        0
  SINCE SEP 1     53                       100    -47      103
  SINCE JUL 1    268                       370   -102      378

 COOLING
  YESTERDAY        0                         1     -1        5
  MONTH TO DATE    0                         1     -1        5
  SINCE SEP 1     61                        35     26       25
  SINCE JAN 1     96                        85     11       46
...................................................................


THE SAN FRANCISCO DWTN CA CLIMATE NORMALS FOR TODAY
                         NORMAL    RECORD    YEAR
 MAXIMUM TEMPERATURE (F)   71        96      1980
 MINIMUM TEMPERATURE (F)   55        49      1902


SUNRISE AND SUNSET
OCTOBER  2 2022.......SUNRISE   7:06 AM PDT   SUNSET   6:51 PM PDT
OCTOBER  3 2022.......SUNRISE   7:07 AM PDT   SUNSET   6:49 PM PDT


-  INDICATES NEGATIVE NUMBERS.
R  INDICATES RECORD WAS SET OR TIED.
MM INDICATES DATA IS MISSING.
T  INDICATES TRACE AMOUNT.




$$
