000
CDUS46 KOTX 300846
CLISFF

CLIMATE REPORT
NATIONAL WEATHER SERVICE SPOKANE WA
146 AM PDT FRI SEP 30 2022

...................................

...THE SPOKANE WA FELTS AIRPORT CLIMATE SUMMARY FOR SEPTEMBER 29 2022...

CLIMATE NORMAL PERIOD 1991 TO 2020
CLIMATE RECORD PERIOD 9999 TO 9999


WEATHER ITEM   OBSERVED TIME   RECORD YEAR NORMAL DEPARTURE LAST
                VALUE   (LST)  VALUE       VALUE  FROM      YEAR
                                                  NORMAL
...................................................................
TEMPERATURE (F)
 YESTERDAY
  MAXIMUM         65    201 AM  MM      MM  70     -5       62
  MINIMUM         54    107 PM  MM      MM  43     11       44
  AVERAGE         60                        57      3       53

PRECIPITATION (IN)
  YESTERDAY        0.59         MM      MM   0.03   0.56     0.00
  MONTH TO DATE    0.77                      0.65   0.12     1.39
  SINCE OCT 1     17.98                     17.33   0.65    11.31
  SINCE JAN 1     13.15                     11.68   1.47     6.36

SNOWFALL (IN)
  YESTERDAY       MM

DEGREE DAYS
 HEATING
  YESTERDAY        5                         9     -4       12
  MONTH TO DATE   46                       137    -91      100
  SINCE SEP 1     46                       137    -91      100
  SINCE JUL 1     50                       170   -120      112

 COOLING
  YESTERDAY        0                         0      0        0
  MONTH TO DATE   68                        35     33       40
  SINCE SEP 1     68                        35     33       40
  SINCE JAN 1    744                       504    240      931
...................................................................


WIND (MPH)
  HIGHEST WIND SPEED    14   HIGHEST WIND DIRECTION    SW (220)
  HIGHEST GUST SPEED    18   HIGHEST GUST DIRECTION     S (180)
  AVERAGE WIND SPEED     3.6


SKY COVER
  POSSIBLE SUNSHINE  MM
  AVERAGE SKY COVER 0.9


WEATHER CONDITIONS
THE FOLLOWING WEATHER WAS RECORDED YESTERDAY.
  RAIN
  LIGHT RAIN
  FOG


RELATIVE HUMIDITY (PERCENT)
 HIGHEST    90           400 PM
 LOWEST     52           100 AM
 AVERAGE    71

..........................................................


THE SPOKANE WA FELTS AIRPORT CLIMATE NORMALS FOR TODAY
                         NORMAL    RECORD    YEAR
 MAXIMUM TEMPERATURE (F)   69        MM        MM
 MINIMUM TEMPERATURE (F)   43        MM        MM


SUNRISE AND SUNSET
SEPTEMBER 30 2022.....SUNRISE   647 AM PDT   SUNSET   630 PM PDT
OCTOBER  1 2022.......SUNRISE   649 AM PDT   SUNSET   628 PM PDT


-  INDICATES NEGATIVE NUMBERS.
R  INDICATES RECORD WAS SET OR TIED.
MM INDICATES DATA IS MISSING.
T  INDICATES TRACE AMOUNT.




$$
