000
CDUS46 KMTR 060037
CLISFO

CLIMATE REPORT
NATIONAL WEATHER SERVICE SAN FRANCISCO BAY AREA
537 PM PDT WED OCT 05 2022

...................................

...THE SAN FRANCISCO AIRPORT CLIMATE SUMMARY FOR OCTOBER 5 2022...
VALID TODAY AS OF 0500 PM LOCAL TIME.

CLIMATE NORMAL PERIOD: 1991 TO 2020
CLIMATE RECORD PERIOD: 1927 TO 2022


WEATHER ITEM   OBSERVED TIME   RECORD YEAR NORMAL DEPARTURE LAST
                VALUE   (LST)  VALUE       VALUE  FROM      YEAR
                                                  NORMAL
...................................................................
TEMPERATURE (F)
 TODAY
  MAXIMUM         73   2:44 PM  99    1987  74     -1       68
  MINIMUM         55   5:03 AM  47    1962  55      0       54
                                      1969
                                      2009
  AVERAGE         64                        64      0       61

PRECIPITATION (IN)
  TODAY            0.00          0.68 2011   0.01  -0.01     0.00
  MONTH TO DATE    0.00                      0.06  -0.06     0.00
  SINCE OCT 1      0.00                      0.06  -0.06     0.00
  SINCE JAN 1      2.17                     12.73 -10.56     5.55

SNOWFALL (IN)
  TODAY           MM             0.0
  MONTH TO DATE   MM
  SINCE SEP 1     MM
  SINCE JUL 1     MM
  SNOW DEPTH      MM

DEGREE DAYS
 HEATING
  TODAY            1                         2     -1        4
  MONTH TO DATE    5                        10     -5        4
  SINCE SEP 1     18                        56    -38       35
  SINCE JUL 1     79                       158    -79       80

 COOLING
  TODAY            0                         2     -2        0
  MONTH TO DATE    3                        10     -7       17
  SINCE SEP 1    117                        66     51       53
  SINCE JAN 1    270                       176     94      177
...................................................................


WIND (MPH)
  RESULTANT WIND SPEED   6   RESULTANT WIND DIRECTION  NW (310)
  HIGHEST WIND SPEED    18   HIGHEST WIND DIRECTION    NW (300)
  HIGHEST GUST SPEED    24   HIGHEST GUST DIRECTION    NW (320)
  AVERAGE WIND SPEED     7.6


SKY COVER
  POSSIBLE SUNSHINE  MM
  AVERAGE SKY COVER 0.3


WEATHER CONDITIONS
THE FOLLOWING WEATHER WAS RECORDED TODAY.
  FOG
  HAZE


RELATIVE HUMIDITY (PERCENT)
 HIGHEST    97           7:00 AM
 LOWEST     59           2:00 PM
 AVERAGE    78

..........................................................


THE SAN FRANCISCO AIRPORT CLIMATE NORMALS FOR TOMORROW
                         NORMAL    RECORD    YEAR
 MAXIMUM TEMPERATURE (F)   74        92      1992
 MINIMUM TEMPERATURE (F)   55        44      1954


SUNRISE AND SUNSET
OCTOBER  5 2022.......SUNRISE   7:09 AM PDT   SUNSET   6:46 PM PDT
OCTOBER  6 2022.......SUNRISE   7:10 AM PDT   SUNSET   6:45 PM PDT


-  INDICATES NEGATIVE NUMBERS.
R  INDICATES RECORD WAS SET OR TIED.
MM INDICATES DATA IS MISSING.
T  INDICATES TRACE AMOUNT.




$$
