000
CDUS43 KSGF 062124
CLISGF

CLIMATE REPORT
NATIONAL WEATHER SERVICE
424 PM CDT THU OCT 06 2022

...................................

...THE SPRINGFIELD MO CLIMATE SUMMARY FOR OCTOBER 6 2022...
VALID AS OF 0400 PM LOCAL TIME.

CLIMATE NORMAL PERIOD: 1991 TO 2020
CLIMATE RECORD PERIOD: 1888 TO 2022


WEATHER ITEM   OBSERVED TIME   RECORD YEAR NORMAL DEPARTURE LAST
                VALUE   (LST)  VALUE       VALUE  FROM      YEAR
                                                  NORMAL
...................................................................
TEMPERATURE (F)
 TODAY
  MAXIMUM         81   2:55 PM  89    1938  74      7       64
  MINIMUM         51   6:18 AM  30    1964  51      0       59
  AVERAGE         66

PRECIPITATION (IN)
  TODAY            0.00          2.34 1967   0.11  -0.11     0.24
  MONTH TO DATE    0.00                      0.71  -0.71     1.58
  SINCE SEP 1      1.14                      5.02  -3.88     3.37
  SINCE JAN 1     33.47                     35.65  -2.18    39.38

SNOWFALL (IN)
  TODAY            0.0                                       0.0
  MONTH TO DATE    0.0                                       0.0
  SINCE SEP 1      0.0                                       0.0
  SINCE JUL 1      0.0                                       0.0
  SNOW DEPTH       0

DEGREE DAYS
 HEATING
  TODAY            0                         5               3
  MONTH TO DATE    6                        25               4
  SINCE SEP 1     27                        63              20
  SINCE JUL 1     27                        64              20

 COOLING
  TODAY            1                         2               0
  MONTH TO DATE    5                        15              15
  SINCE SEP 1    202                       211             285
  SINCE JAN 1   1743                      1512            1543
...................................................................


WIND (MPH)
  RESULTANT WIND SPEED   4   RESULTANT WIND DIRECTION  NW (320)
  HIGHEST WIND SPEED    17   HIGHEST WIND DIRECTION     N (340)
  HIGHEST GUST SPEED    22   HIGHEST GUST DIRECTION     N (340)
  AVERAGE WIND SPEED     5.4


SKY COVER
  AVERAGE SKY COVER 0.0


WEATHER CONDITIONS
THE FOLLOWING WEATHER WAS RECORDED TODAY.
  NO SIGNIFICANT WEATHER WAS OBSERVED.


RELATIVE HUMIDITY (PERCENT)
 HIGHEST    83
 LOWEST     33
 AVERAGE    58

..........................................................


THE SPRINGFIELD MO CLIMATE NORMALS FOR TOMORROW
                         NORMAL    RECORD    YEAR
 MAXIMUM TEMPERATURE (F)   74        92      1939
                                             1963
 MINIMUM TEMPERATURE (F)   51        29      1952
                                             2000


SUNRISE AND SUNSET
OCTOBER  6 2022.......SUNRISE   7:13 AM CDT   SUNSET   6:49 PM CDT
OCTOBER  7 2022.......SUNRISE   7:14 AM CDT   SUNSET   6:48 PM CDT


-  INDICATES NEGATIVE NUMBERS.
R  INDICATES RECORD WAS SET OR TIED.
MM INDICATES DATA IS MISSING.
T  INDICATES TRACE AMOUNT.




$$
