000
CDUS45 KBYZ 052240
CLISHR

CLIMATE REPORT
NATIONAL WEATHER SERVICE BILLINGS MT
440 PM MDT WED OCT 05 2022

...................................

...THE SHERIDAN WY CLIMATE SUMMARY FOR OCTOBER 5 2022...
VALID TODAY AS OF 0400 PM LOCAL TIME.

CLIMATE NORMAL PERIOD 1991 TO 2020
CLIMATE RECORD PERIOD 1907 TO 2022


WEATHER ITEM   OBSERVED TIME   RECORD YEAR NORMAL DEPARTURE LAST
                VALUE   (LST)  VALUE       VALUE  FROM      YEAR
                                                  NORMAL
...................................................................
TEMPERATURE (F)
 TODAY
  MAXIMUM         75    228 PM  90    1920  65     10       89
  MINIMUM         38    626 AM  17    1916  36      2       47
  AVERAGE         57                        50      7       68

PRECIPITATION (IN)
  TODAY            0.00          1.22 1946   0.06  -0.06     0.00
  MONTH TO DATE    0.69                      0.31   0.38     0.00
  SINCE OCT 1      0.69                      0.31   0.38     0.00
  SINCE JAN 1     12.99                     12.37   0.62     9.22

DEGREE DAYS
 HEATING
  TODAY            8                        15     -7        0
  MONTH TO DATE   54                        69    -15       24
  SINCE SEP 1    158                       281   -123      133
  SINCE JUL 1    162                       340   -178      173

 COOLING
  TODAY            0                         0      0        3
  MONTH TO DATE    0                         0      0        3
  SINCE SEP 1     93                        34     59       56
  SINCE JAN 1    702                       440    262      693
...................................................................


WIND (MPH)
  HIGHEST WIND SPEED     8   HIGHEST WIND DIRECTION     E (80)
  HIGHEST GUST SPEED    11   HIGHEST GUST DIRECTION     N (360)
  AVERAGE WIND SPEED     1.7


SKY COVER
  POSSIBLE SUNSHINE  MM
  AVERAGE SKY COVER 0.0


WEATHER CONDITIONS
THE FOLLOWING WEATHER WAS RECORDED TODAY.
  NO SIGNIFICANT WEATHER WAS OBSERVED.


RELATIVE HUMIDITY (PERCENT)
 HIGHEST    82           100 AM
 LOWEST     27           300 PM
 AVERAGE    55

..........................................................


THE SHERIDAN WY CLIMATE NORMALS FOR TOMORROW
                         NORMAL    RECORD    YEAR
 MAXIMUM TEMPERATURE (F)   65        85      2020
 MINIMUM TEMPERATURE (F)   35        10      1952


SUNRISE AND SUNSET
OCTOBER  5 2022.......SUNRISE   711 AM MDT   SUNSET   641 PM MDT
OCTOBER  6 2022.......SUNRISE   712 AM MDT   SUNSET   639 PM MDT


-  INDICATES NEGATIVE NUMBERS.
R  INDICATES RECORD WAS SET OR TIED.
MM INDICATES DATA IS MISSING.
T  INDICATES TRACE AMOUNT.




$$
