000
CDUS44 KSHV 060732
CLISHV

CLIMATE REPORT
NATIONAL WEATHER SERVICE SHREVEPORT, LA
232 AM CDT THU OCT 06 2022

...................................

...THE SHREVEPORT CLIMATE SUMMARY FOR OCTOBER 5 2022...

CLIMATE NORMAL PERIOD: 1991 TO 2020
CLIMATE RECORD PERIOD: 1874 TO 2022


WEATHER ITEM   OBSERVED TIME   RECORD YEAR NORMAL DEPARTURE LAST
                VALUE   (LST)  VALUE       VALUE  FROM      YEAR
                                                  NORMAL
...................................................................
TEMPERATURE (F)
 YESTERDAY
  MAXIMUM         86   3:42 PM  95    1883  84      2       87
                                      2006
  MINIMUM         53   6:33 AM  42    1979  60     -7       63
  AVERAGE         70                        72     -2       75

PRECIPITATION (IN)
  YESTERDAY        0.00          2.75 1945   0.14  -0.14     0.00
  MONTH TO DATE    0.00                      0.73  -0.73     2.10
  SINCE SEP 1      2.27                      4.19  -1.92     2.80
  SINCE JAN 1     38.67                     38.63   0.04    40.47

SNOWFALL (IN)
  YESTERDAY        0.0
  MONTH TO DATE    0.0
  SINCE SEP 1      0.0
  SINCE JUL 1      0.0
  SNOW DEPTH       0

DEGREE DAYS
 HEATING
  YESTERDAY        0                         1     -1        0
  MONTH TO DATE    0                         2     -2        0
  SINCE SEP 1      0                         4     -4        0
  SINCE JUL 1      0                         4     -4        0

 COOLING
  YESTERDAY        5                         7     -2       10
  MONTH TO DATE   22                        40    -18       63
  SINCE SEP 1    439                       441     -2      488
  SINCE JAN 1   2983                      2537    446     2609
...................................................................


WIND (MPH)
  HIGHEST WIND SPEED    10   HIGHEST WIND DIRECTION     N (10)
  HIGHEST GUST SPEED    14   HIGHEST GUST DIRECTION     E (70)
  AVERAGE WIND SPEED     2.2


SKY COVER
  POSSIBLE SUNSHINE  MM
  AVERAGE SKY COVER 0.0


WEATHER CONDITIONS
THE FOLLOWING WEATHER WAS RECORDED YESTERDAY.
  NO SIGNIFICANT WEATHER WAS OBSERVED.


RELATIVE HUMIDITY (PERCENT)
 HIGHEST    90           6:00 AM
 LOWEST     25           4:00 PM
 AVERAGE    58

..........................................................


THE SHREVEPORT CLIMATE NORMALS FOR TODAY
                         NORMAL    RECORD    YEAR
 MAXIMUM TEMPERATURE (F)   83        97      1954
 MINIMUM TEMPERATURE (F)   59        39      1985


SUNRISE AND SUNSET
OCTOBER  6 2022.......SUNRISE   7:13 AM CDT   SUNSET   6:53 PM CDT
OCTOBER  7 2022.......SUNRISE   7:13 AM CDT   SUNSET   6:52 PM CDT


-  INDICATES NEGATIVE NUMBERS.
R  INDICATES RECORD WAS SET OR TIED.
MM INDICATES DATA IS MISSING.
T  INDICATES TRACE AMOUNT.




$$
