000
CDUS46 KMFR 010121
CLISIY

CLIMATE REPORT
NATIONAL WEATHER SERVICE MEDFORD, OR
621 PM PDT FRI SEP 30 2022

...................................

...THE MONTAGUE CA CLIMATE SUMMARY FOR SEPTEMBER 30 2022...
VALID TODAY AS OF 0500 PM LOCAL TIME.

CLIMATE NORMAL PERIOD 1991 TO 2020
CLIMATE RECORD PERIOD 1948 TO 2022


WEATHER ITEM   OBSERVED TIME   RECORD YEAR NORMAL DEPARTURE LAST
                VALUE   (LST)  VALUE       VALUE  FROM      YEAR
                                                  NORMAL
...................................................................
TEMPERATURE (F)
 TODAY
  MAXIMUM         83    343 PM  95    1966  78      5       80
  MINIMUM         40    549 AM  27    1950  41     -1       36
  AVERAGE         62                        60      2       58

PRECIPITATION (IN)
  TODAY            0.00          0.27 2013   0.02  -0.02     0.00
  MONTH TO DATE    0.47                      0.27   0.20     0.28
  SINCE OCT 1      5.41                     11.99  -6.58     6.83
  SINCE JAN 1      2.52                      7.54  -5.02     3.65

SNOWFALL (IN)
  TODAY           MM                        MM     MM       MM
  MONTH TO DATE   MM                        MM     MM       MM
  SINCE JUL 1     MM                        MM     MM       MM
  SNOW DEPTH      MM

DEGREE DAYS
 HEATING
  TODAY            3                         6     -3        7
  MONTH TO DATE   43                        86    -43       62
  SINCE SEP 1     43                        86    -43       62
  SINCE JUL 1     44                        96    -52       62

 COOLING
  TODAY            0                         1     -1        0
  MONTH TO DATE  175                        82     93       66
  SINCE SEP 1    175                        82     93       66
  SINCE JAN 1   1149                       699    450     1138
...................................................................


WIND (MPH)
  HIGHEST WIND SPEED    14   HIGHEST WIND DIRECTION     N (20)
  HIGHEST GUST SPEED    18   HIGHEST GUST DIRECTION     N (10)
  AVERAGE WIND SPEED     3.0


SKY COVER
  POSSIBLE SUNSHINE  MM
  AVERAGE SKY COVER 0.0


WEATHER CONDITIONS
THE FOLLOWING WEATHER WAS RECORDED TODAY.
  NO SIGNIFICANT WEATHER WAS OBSERVED.


RELATIVE HUMIDITY (PERCENT)
 HIGHEST    76           500 AM
 LOWEST     21           400 PM

..........................................................


THE MONTAGUE CA CLIMATE NORMALS FOR TOMORROW
                         NORMAL    RECORD    YEAR
 MAXIMUM TEMPERATURE (F)   78        92      1991
                                             2010
                                             2020
 MINIMUM TEMPERATURE (F)   41        28      1950


SUNRISE AND SUNSET
SEPTEMBER 30 2022.....SUNRISE   706 AM PDT   SUNSET   653 PM PDT
OCTOBER  1 2022.......SUNRISE   707 AM PDT   SUNSET   651 PM PDT


-  INDICATES NEGATIVE NUMBERS.
R  INDICATES RECORD WAS SET OR TIED.
MM INDICATES DATA IS MISSING.
T  INDICATES TRACE AMOUNT.




$$
