000
CDUS46 KMTR 260834
CLISJC

CLIMATE REPORT
NATIONAL WEATHER SERVICE SAN FRANCISCO BAY AREA
134 AM PDT MON SEP 26 2022

...................................

...THE SAN JOSE AIRPORT CLIMATE SUMMARY FOR SEPTEMBER 25 2022...

CLIMATE NORMAL PERIOD: 1991 TO 2020
CLIMATE RECORD PERIOD: 1893 TO 2022


WEATHER ITEM   OBSERVED TIME   RECORD YEAR NORMAL DEPARTURE LAST
                VALUE   (LST)  VALUE       VALUE  FROM      YEAR
                                                  NORMAL
...................................................................
TEMPERATURE (F)
 YESTERDAY
  MAXIMUM         79   2:02 PM  99    2019  80     -1       74
  MINIMUM         59   4:57 AM  42    1929  56      3       57
  AVERAGE         69                        68      1       66

PRECIPITATION (IN)
  YESTERDAY        0.00          0.69 1909   0.00   0.00     0.00
  MONTH TO DATE    0.51                      0.04   0.47     0.00
  SINCE OCT 1      7.81                     13.45  -5.64     5.32
  SINCE JAN 1      1.17                      9.30  -8.13     4.35

SNOWFALL (IN)
  YESTERDAY       MM             0.0  1947
  MONTH TO DATE   MM
  SINCE SEP 1     MM
  SINCE JUL 1     MM

DEGREE DAYS
 HEATING
  YESTERDAY        0                         1     -1        0
  MONTH TO DATE    0                         3     -3        0
  SINCE SEP 1      0                         3     -3        0
  SINCE JUL 1      1                         9     -8        1

 COOLING
  YESTERDAY        4                         4      0        1
  MONTH TO DATE  221                       113    108      148
  SINCE SEP 1    221                       113    108      148
  SINCE JAN 1    829                       556    273      576
...................................................................


WIND (MPH)
  RESULTANT WIND SPEED   3   RESULTANT WIND DIRECTION  NW (310)
  HIGHEST WIND SPEED    13   HIGHEST WIND DIRECTION    NW (310)
  HIGHEST GUST SPEED    18   HIGHEST GUST DIRECTION    NW (330)
  AVERAGE WIND SPEED     6.0


SKY COVER
  POSSIBLE SUNSHINE  MM
  AVERAGE SKY COVER 0.2


WEATHER CONDITIONS
THE FOLLOWING WEATHER WAS RECORDED YESTERDAY.
  FOG
  HAZE


RELATIVE HUMIDITY (PERCENT)
 HIGHEST    87           5:00 AM
 LOWEST     47           2:00 PM
 AVERAGE    67

..........................................................


THE SAN JOSE AIRPORT CLIMATE NORMALS FOR TODAY
                         NORMAL    RECORD    YEAR
 MAXIMUM TEMPERATURE (F)   80        98      1963
                                             2016
 MINIMUM TEMPERATURE (F)   56        38      1893


SUNRISE AND SUNSET
SEPTEMBER 26 2022.....SUNRISE   6:59 AM PDT   SUNSET   6:58 PM PDT
SEPTEMBER 27 2022.....SUNRISE   7:00 AM PDT   SUNSET   6:57 PM PDT


-  INDICATES NEGATIVE NUMBERS.
R  INDICATES RECORD WAS SET OR TIED.
MM INDICATES DATA IS MISSING.
T  INDICATES TRACE AMOUNT.




$$
