000
CDUS44 KSJT 020631
CLISJT

CLIMATE REPORT
NATIONAL WEATHER SERVICE SAN ANGELO TX
131 AM CDT SUN OCT 02 2022

...................................

...THE SAN ANGELO CLIMATE SUMMARY FOR OCTOBER 1 2022...

CLIMATE NORMAL PERIOD: 1991 TO 2020
CLIMATE RECORD PERIOD: 1907 TO 2022


WEATHER ITEM   OBSERVED TIME   RECORD YEAR NORMAL DEPARTURE LAST
                VALUE   (LST)  VALUE       VALUE  FROM      YEAR
                                                  NORMAL
...................................................................
TEMPERATURE (F)
 YESTERDAY
  MAXIMUM         90   4:29 PM  98    1979  86      4       76
  MINIMUM         53   6:47 AM  42    1916  59     -6       65
                                      1984
  AVERAGE         72                        72      0       71

PRECIPITATION (IN)
  YESTERDAY        0.00          3.52 1927   0.08  -0.08      T
  MONTH TO DATE    0.00                      0.08  -0.08      T
  SINCE SEP 1      1.77                      2.59  -0.82     0.39
  SINCE JAN 1      7.58                     16.54  -8.96    19.52

SNOWFALL (IN)
  YESTERDAY        0.0           0.0  2002  MM     MM        0.0
  MONTH TO DATE    0.0                       0.0    0.0      0.0
  SINCE SEP 1      0.0                      MM     MM        0.0
  SINCE JUL 1      0.0                      MM     MM        0.0
  SNOW DEPTH       0

DEGREE DAYS
 HEATING
  YESTERDAY        0                         1     -1        0
  MONTH TO DATE    0                         1     -1        0
  SINCE SEP 1      0                         7     -7        0
  SINCE JUL 1      0                         7     -7        0

 COOLING
  YESTERDAY        7                         8     -1        6
  MONTH TO DATE    7                         8     -1        6
  SINCE SEP 1    417                       374     43      402
  SINCE JAN 1   3282                      2629    653     2379
...................................................................


WIND (MPH)
  HIGHEST WIND SPEED    16   HIGHEST WIND DIRECTION    NE (60)
  HIGHEST GUST SPEED    28   HIGHEST GUST DIRECTION     E (70)
  AVERAGE WIND SPEED     4.8


SKY COVER
  POSSIBLE SUNSHINE  MM
  AVERAGE SKY COVER 0.0


WEATHER CONDITIONS
THE FOLLOWING WEATHER WAS RECORDED YESTERDAY.
  NO SIGNIFICANT WEATHER WAS OBSERVED.


RELATIVE HUMIDITY (PERCENT)
 HIGHEST    66           7:00 AM
 LOWEST     23           4:00 PM
 AVERAGE    45

..........................................................


THE SAN ANGELO CLIMATE NORMALS FOR TODAY
                         NORMAL    RECORD    YEAR
 MAXIMUM TEMPERATURE (F)   85       100      1951
 MINIMUM TEMPERATURE (F)   59        37      1935


SUNRISE AND SUNSET
OCTOBER  2 2022.......SUNRISE   7:36 AM CDT   SUNSET   7:26 PM CDT
OCTOBER  3 2022.......SUNRISE   7:37 AM CDT   SUNSET   7:24 PM CDT


-  INDICATES NEGATIVE NUMBERS.
R  INDICATES RECORD WAS SET OR TIED.
MM INDICATES DATA IS MISSING.
T  INDICATES TRACE AMOUNT.




$$
