000
CDUS45 KSLC 290722
CLISLC

CLIMATE REPORT
NATIONAL WEATHER SERVICE SALT LAKE CITY UT
122 AM MDT THU SEP 29 2022

...................................

...THE SALT LAKE CITY UT CLIMATE SUMMARY FOR SEPTEMBER 28 2022...

CLIMATE NORMAL PERIOD 1991 TO 2020
CLIMATE RECORD PERIOD 1874 TO 2022


WEATHER ITEM   OBSERVED TIME   RECORD YEAR NORMAL DEPARTURE LAST
                VALUE   (LST)  VALUE       VALUE  FROM      YEAR
                                                  NORMAL
...................................................................
TEMPERATURE (F)
 YESTERDAY
  MAXIMUM         84    514 PM  91    1994  75      9       74
  MINIMUM         63   1151 PM  31    1936  51     12       50
  AVERAGE         74                        63     11       62

PRECIPITATION (IN)
  YESTERDAY        0.14          0.96 1982   0.04   0.10     0.03
  MONTH TO DATE    0.71                      0.98  -0.27     0.17
  SINCE OCT 1     13.09                     15.44  -2.35    10.98
  SINCE JAN 1      7.42                     11.46  -4.04     9.67

SNOWFALL (IN)
  YESTERDAY        0.0          MM      MM   0.0    0.0      0.0
  MONTH TO DATE    0.0                       0.0    0.0      0.0
  SINCE OCT 1     38.8                      51.9  -13.1     29.0
  SINCE JUL 1      0.0                       0.0    0.0      0.0
  SNOW DEPTH       0

DEGREE DAYS
 HEATING
  YESTERDAY        0                         4     -4        3
  MONTH TO DATE    1                        49    -48       18
  SINCE SEP 1      1                        49    -48       18
  SINCE JUL 1      1                        52    -51       26

 COOLING
  YESTERDAY        9                         2      7        0
  MONTH TO DATE  305                       160    145      207
  SINCE SEP 1    305                       160    145      207
  SINCE JAN 1   1920                      1403    517     1764
...................................................................


WIND (MPH)
  RESULTANT WIND SPEED   9   RESULTANT WIND DIRECTION   S (160)
  HIGHEST WIND SPEED    29   HIGHEST WIND DIRECTION     S (160)
  HIGHEST GUST SPEED    39   HIGHEST GUST DIRECTION     S (160)
  AVERAGE WIND SPEED    10.4


SKY COVER
  POSSIBLE SUNSHINE  MM
  AVERAGE SKY COVER 0.5


WEATHER CONDITIONS
THE FOLLOWING WEATHER WAS RECORDED YESTERDAY.
  THUNDERSTORM
  LIGHT RAIN


RELATIVE HUMIDITY (PERCENT)
 HIGHEST    78          1000 PM
 LOWEST     25           300 AM
 AVERAGE    52

..........................................................


THE SALT LAKE CITY UT CLIMATE NORMALS FOR TODAY
                         NORMAL    RECORD    YEAR
 MAXIMUM TEMPERATURE (F)   74        91      1957
                                             1969
 MINIMUM TEMPERATURE (F)   51        33      1945
                                             1950
                                             1986


SUNRISE AND SUNSET
SEPTEMBER 29 2022.....SUNRISE   722 AM MDT   SUNSET   713 PM MDT
SEPTEMBER 30 2022.....SUNRISE   723 AM MDT   SUNSET   711 PM MDT


-  INDICATES NEGATIVE NUMBERS.
R  INDICATES RECORD WAS SET OR TIED.
MM INDICATES DATA IS MISSING.
T  INDICATES TRACE AMOUNT.




$$
