000
CDUS46 KPQR 291144
CLISLE

CLIMATE REPORT
NATIONAL WEATHER SERVICE PORTLAND OREGON
444 AM PDT THU SEP 29 2022

...................................

...THE SALEM OR CLIMATE SUMMARY FOR SEPTEMBER 28 2022...

CLIMATE NORMAL PERIOD 1991 TO 2020
CLIMATE RECORD PERIOD 1892 TO 2022


WEATHER ITEM   OBSERVED TIME   RECORD YEAR NORMAL DEPARTURE LAST
                VALUE   (LST)  VALUE       VALUE  FROM      YEAR
                                                  NORMAL
...................................................................
TEMPERATURE (F)
 YESTERDAY
  MAXIMUM         71    240 PM  90    1918  73     -2       65
                                      1989
  MINIMUM         52    213 AM  32    1972  48      4       49
  AVERAGE         62                        61      1       57

PRECIPITATION (IN)
  YESTERDAY        0.10          1.33 2013   0.06   0.04     0.47
  MONTH TO DATE    0.11                      1.31  -1.20     2.83
  SINCE OCT 1     41.72                     39.93   1.79    36.69
  SINCE JAN 1     23.61                     23.54   0.07    22.65

DEGREE DAYS
 HEATING
  YESTERDAY        3                         5     -2        8
  MONTH TO DATE   12                        72    -60       30
  SINCE SEP 1     12                        72    -60       30
  SINCE JUL 1     13                       103    -90       38

 COOLING
  YESTERDAY        0                         1     -1        0
  MONTH TO DATE   92                        54     38       77
  SINCE SEP 1     92                        54     38       77
  SINCE JAN 1    644                       399    245      801
...................................................................


WIND (MPH)
  HIGHEST WIND SPEED    18   HIGHEST WIND DIRECTION     S (190)
  HIGHEST GUST SPEED    24   HIGHEST GUST DIRECTION     S (190)
  AVERAGE WIND SPEED     8.4


SKY COVER
  POSSIBLE SUNSHINE  MM
  AVERAGE SKY COVER 0.7


WEATHER CONDITIONS
THE FOLLOWING WEATHER WAS RECORDED YESTERDAY.
  LIGHT RAIN
  FOG


RELATIVE HUMIDITY (PERCENT)
 HIGHEST    93           800 AM
 LOWEST     53           200 PM
 AVERAGE    73

..........................................................


THE SALEM OR CLIMATE NORMALS FOR TODAY
                         NORMAL    RECORD    YEAR
 MAXIMUM TEMPERATURE (F)   73        91      1935
 MINIMUM TEMPERATURE (F)   48        33      1983


SUNRISE AND SUNSET
SEPTEMBER 29 2022.....SUNRISE   708 AM PDT   SUNSET   656 PM PDT
SEPTEMBER 30 2022.....SUNRISE   709 AM PDT   SUNSET   654 PM PDT


-  INDICATES NEGATIVE NUMBERS.
R  INDICATES RECORD WAS SET OR TIED.
MM INDICATES DATA IS MISSING.
T  INDICATES TRACE AMOUNT.




$$
