000
CDUS41 KBTV 050549
CLISLK

CLIMATE REPORT
NATIONAL WEATHER SERVICE BURLINGTON VT
149 AM EDT WED OCT 05 2022

...................................

...THE SARANAC LAKE NY CLIMATE SUMMARY FOR OCTOBER 4 2022...

CLIMATE NORMAL PERIOD: 1991 TO 2020
CLIMATE RECORD PERIOD: 1903 TO 2022


WEATHER ITEM   OBSERVED TIME   RECORD YEAR NORMAL DEPARTURE LAST
                VALUE   (LST)  VALUE       VALUE  FROM      YEAR
                                                  NORMAL
...................................................................
TEMPERATURE (F)
 YESTERDAY
  MAXIMUM         64   3:01 PM  80    1906  60      4       59
                                      1951
  MINIMUM         24   5:00 AM  20    1996  36    -12       52
  AVERAGE         44                        48     -4       56

PRECIPITATION (IN)
  YESTERDAY        0.00          0.98 1927   0.12  -0.12     0.00
  MONTH TO DATE    0.00                      0.48  -0.48     0.76
  SINCE SEP 1      3.71                      3.95  -0.24     4.38
  SINCE JAN 1     30.16                     28.20   1.96    24.60

DEGREE DAYS
 HEATING
  YESTERDAY       21                        17      4        9
  MONTH TO DATE   88                        66     22       48
  SINCE SEP 1    384                       392     -8      343
  SINCE JUL 1    534                       618    -84      521

 COOLING
  YESTERDAY        0                         0      0        0
  MONTH TO DATE    0                         0      0        0
  SINCE SEP 1      1                         9     -8        3
  SINCE JAN 1    144                       120     24      222
...................................................................


WIND (MPH)
  HIGHEST WIND SPEED    12   HIGHEST WIND DIRECTION    NE (50)
  HIGHEST GUST SPEED    16   HIGHEST GUST DIRECTION    NE (50)
  AVERAGE WIND SPEED     3.3


SKY COVER
  AVERAGE SKY COVER 0.2


WEATHER CONDITIONS
THE FOLLOWING WEATHER WAS RECORDED YESTERDAY.
  NO SIGNIFICANT WEATHER WAS OBSERVED.


RELATIVE HUMIDITY (PERCENT)
 HIGHEST    96           2:00 AM
 LOWEST     24           2:00 PM
 AVERAGE    60

..........................................................


THE SARANAC LAKE NY CLIMATE NORMALS FOR TODAY
                         NORMAL    RECORD    YEAR
 MAXIMUM TEMPERATURE (F)   59        83      1951
 MINIMUM TEMPERATURE (F)   36        19      1996


SUNRISE AND SUNSET
OCTOBER  5 2022.......SUNRISE   6:59 AM EDT   SUNSET   6:30 PM EDT
OCTOBER  6 2022.......SUNRISE   7:01 AM EDT   SUNSET   6:28 PM EDT


-  INDICATES NEGATIVE NUMBERS.
R  INDICATES RECORD WAS SET OR TIED.
MM INDICATES DATA IS MISSING.
T  INDICATES TRACE AMOUNT.




$$
