000
CDUS43 KICT 060630
CLISLN

CLIMATE REPORT
NATIONAL WEATHER SERVICE WICHITA KANSAS
130 AM CDT THU OCT 06 2022

...................................

...THE SALINA KS CLIMATE SUMMARY FOR OCTOBER 5 2022...

CLIMATE NORMAL PERIOD 1991 TO 2020
CLIMATE RECORD PERIOD 1894 TO 2022


WEATHER ITEM   OBSERVED TIME   RECORD YEAR NORMAL DEPARTURE LAST
                VALUE   (LST)  VALUE       VALUE  FROM      YEAR
                                                  NORMAL
...................................................................
TEMPERATURE (F)
 YESTERDAY
  MAXIMUM         79    339 PM  96    1947  74      5       81
                                      1956
  MINIMUM         53   1107 PM  33    1902  50      3       49
                                      1953
  AVERAGE         66                        62      4       65

PRECIPITATION (IN)
  YESTERDAY        T             1.33 1984   0.09  -0.09     0.00
  MONTH TO DATE    T                         0.45  -0.45     0.02
  SINCE SEP 1      3.49                      3.10   0.39     4.09
  SINCE JAN 1     24.72                     25.64  -0.92    23.95

DEGREE DAYS
 HEATING
  YESTERDAY        0                         5     -5        0
  MONTH TO DATE    0                        23    -23        0
  SINCE SEP 1     16                        71    -55        8
  SINCE JUL 1     16                        72    -56        8

 COOLING
  YESTERDAY        1                         2     -1        0
  MONTH TO DATE    9                        12     -3        7
  SINCE SEP 1    281                       211     70      294
  SINCE JAN 1   1935                      1600    335     1784
...................................................................


WIND (MPH)
  HIGHEST WIND SPEED    17   HIGHEST WIND DIRECTION    NW (310)
  HIGHEST GUST SPEED    23   HIGHEST GUST DIRECTION    NW (310)
  AVERAGE WIND SPEED     6.9


SKY COVER
  POSSIBLE SUNSHINE  MM
  AVERAGE SKY COVER 0.2


WEATHER CONDITIONS
THE FOLLOWING WEATHER WAS RECORDED YESTERDAY.
  HAZE


RELATIVE HUMIDITY (PERCENT)
 HIGHEST    87           500 AM
 LOWEST     35           500 PM
 AVERAGE    61

..........................................................


THE SALINA KS CLIMATE NORMALS FOR TODAY
                         NORMAL    RECORD    YEAR
 MAXIMUM TEMPERATURE (F)   74        94      1918
                                             1939
                                             1963
 MINIMUM TEMPERATURE (F)   49        26      1952


SUNRISE AND SUNSET
OCTOBER  6 2022.......SUNRISE   731 AM CDT   SUNSET   705 PM CDT
OCTOBER  7 2022.......SUNRISE   732 AM CDT   SUNSET   704 PM CDT


-  INDICATES NEGATIVE NUMBERS.
R  INDICATES RECORD WAS SET OR TIED.
MM INDICATES DATA IS MISSING.
T  INDICATES TRACE AMOUNT.

$$
