000
CDUS46 KLOX 020849
CLISMX

CLIMATE REPORT
NATIONAL WEATHER SERVICE LOS ANGELES/OXNARD
149 AM PDT SUN OCT 02 2022

...................................

...THE SANTA MARIA AIRPORT CA CLIMATE SUMMARY FOR OCTOBER 1 2022...

CLIMATE NORMAL PERIOD: 1991 TO 2020
CLIMATE RECORD PERIOD: 1906 TO 2022


WEATHER ITEM   OBSERVED TIME   RECORD YEAR NORMAL DEPARTURE LAST
                VALUE   (LST)  VALUE       VALUE  FROM      YEAR
                                                  NORMAL
...................................................................
TEMPERATURE (F)
 YESTERDAY
  MAXIMUM         68   3:20 PM 102    2020  75     -7       77
  MINIMUM         56  11:59 PM  37    1950  52      4       46
  AVERAGE         62                        64     -2       62

PRECIPITATION (IN)
  YESTERDAY        0.00          0.53 1909   0.01  -0.01     0.00
                                      1926
  MONTH TO DATE    0.00                      0.01  -0.01     0.00
  SINCE JUL 1      1.84                      0.12   1.72     0.01
  SINCE OCT 1      0.00                      0.01  -0.01     0.00
  SINCE JAN 1      3.54                      9.62  -6.08     5.11

SNOWFALL (IN)
  YESTERDAY       MM
  MONTH TO DATE   MM
  SINCE SEP 1     MM
  SINCE JUL 1     MM

DEGREE DAYS
 HEATING
  YESTERDAY        3                         3      0
  MONTH TO DATE    3                         3      0
  SINCE SEP 1     29                        62    -33
  SINCE JUL 1    127                       165    -38

 COOLING
  YESTERDAY        0                         1     -1
  MONTH TO DATE    0                         1     -1
  SINCE SEP 1    107                        41     66
  SINCE JAN 1    187                       126     61
...................................................................


WIND (MPH)
  HIGHEST WIND SPEED    13   HIGHEST WIND DIRECTION    NW (310)
  HIGHEST GUST SPEED    19   HIGHEST GUST DIRECTION    NW (320)
  AVERAGE WIND SPEED     4.4


SKY COVER
  POSSIBLE SUNSHINE  MM
  AVERAGE SKY COVER 0.9


WEATHER CONDITIONS
THE FOLLOWING WEATHER WAS RECORDED YESTERDAY.
  FOG


RELATIVE HUMIDITY (PERCENT)
 HIGHEST   100          12:00 AM
 LOWEST     70           4:00 PM
 AVERAGE    85

..........................................................


THE SANTA MARIA AIRPORT CA CLIMATE NORMALS FOR TODAY
                         NORMAL    RECORD    YEAR
 MAXIMUM TEMPERATURE (F)   75       100      2014
 MINIMUM TEMPERATURE (F)   52        36      1950


SUNRISE AND SUNSET
OCTOBER  2 2022.......SUNRISE   6:57 AM PDT   SUNSET   6:44 PM PDT
OCTOBER  3 2022.......SUNRISE   6:58 AM PDT   SUNSET   6:43 PM PDT


-  INDICATES NEGATIVE NUMBERS.
R  INDICATES RECORD WAS SET OR TIED.
MM INDICATES DATA IS MISSING.
T  INDICATES TRACE AMOUNT.




$$
