000
CDUS46 KSGX 020958
CLISNA

CLIMATE REPORT
NATIONAL WEATHER SERVICE SAN DIEGO, CA
258 AM PDT SUN OCT 02 2022

...................................

...THE JOHN WAYNE AIRPORT CA CLIMATE SUMMARY FOR OCTOBER 1 2022...

CLIMATE NORMAL PERIOD: 1991 TO 2020
CLIMATE RECORD PERIOD: 1999 TO 2022


WEATHER ITEM   OBSERVED TIME   RECORD YEAR NORMAL DEPARTURE LAST
                VALUE   (LST)  VALUE       VALUE  FROM      YEAR
                                                  NORMAL
...................................................................
TEMPERATURE (F)
 YESTERDAY
  MAXIMUM         77   1:46 PM  97    2020  78     -1       88
  MINIMUM         68   4:20 AM  57    2002  62      6       60
                                      2009
  AVERAGE         73                        70      3       74

PRECIPITATION (IN)
  YESTERDAY        0.00          0.00 2006   0.01  -0.01     0.00
  MONTH TO DATE    0.00                      0.01  -0.01     0.00
  SINCE JUL 1      0.28                      0.16   0.12     0.17
  SINCE OCT 1      0.00                      0.01  -0.01     0.00
  SINCE JAN 1      1.66                      7.81  -6.15     3.29

DEGREE DAYS
 HEATING
  YESTERDAY        0                         0      0        0
  MONTH TO DATE    0                         0      0        0
  SINCE SEP 1      0                         1     -1        0
  SINCE JUL 1      0                         1     -1        0

 COOLING
  YESTERDAY        8                         5      3        9
  MONTH TO DATE    8                         5      3        9
  SINCE SEP 1    450                       229    221      273
  SINCE JAN 1   1514                       935    579     1190
...................................................................


WIND (MPH)
  RESULTANT WIND SPEED   3   RESULTANT WIND DIRECTION   S (190)
  HIGHEST WIND SPEED    14   HIGHEST WIND DIRECTION     S (200)
  HIGHEST GUST SPEED    23   HIGHEST GUST DIRECTION     S (200)
  AVERAGE WIND SPEED     5.0


SKY COVER
  POSSIBLE SUNSHINE  MM
  AVERAGE SKY COVER 0.8


WEATHER CONDITIONS
THE FOLLOWING WEATHER WAS RECORDED YESTERDAY.
  NO SIGNIFICANT WEATHER WAS OBSERVED.


RELATIVE HUMIDITY (PERCENT)
 HIGHEST    66           6:00 PM
 LOWEST     50           1:00 PM
 AVERAGE    58

..........................................................


THE JOHN WAYNE AIRPORT CA CLIMATE NORMALS FOR TODAY
                         NORMAL    RECORD    YEAR
 MAXIMUM TEMPERATURE (F)   78        98      2014
 MINIMUM TEMPERATURE (F)   62        53      2002


SUNRISE AND SUNSET
OCTOBER  2 2022.......SUNRISE   6:47 AM PDT   SUNSET   6:34 PM PDT
OCTOBER  3 2022.......SUNRISE   6:47 AM PDT   SUNSET   6:33 PM PDT


-  INDICATES NEGATIVE NUMBERS.
R  INDICATES RECORD WAS SET OR TIED.
MM INDICATES DATA IS MISSING.
T  INDICATES TRACE AMOUNT.




$$
