000
CDAK48 PAFC 291127
CLISNP

CLIMATE REPORT
NATIONAL WEATHER SERVICE ANCHORAGE, AK
327 AM AKDT THU SEP 29 2022

...................................

...THE SAINT PAUL ISLAND CLIMATE SUMMARY FOR SEPTEMBER 28 2022...

CLIMATE NORMAL PERIOD: 1991 TO 2020
CLIMATE RECORD PERIOD: 1892 TO 2022


WEATHER ITEM   OBSERVED TIME   RECORD YEAR NORMAL DEPARTURE LAST
                VALUE   (LST)  VALUE       VALUE  FROM      YEAR
                                                  NORMAL
...................................................................
TEMPERATURE (F)
 YESTERDAY
  MAXIMUM         48   1:53 PM  58    1941  48      0       50
  MINIMUM         39  11:49 PM  28    1985  39      0       36
  AVERAGE         44                        43      1       43

PRECIPITATION (IN)
  YESTERDAY        T             1.03 2004   0.09  -0.09      T
  MONTH TO DATE    1.77                      2.80  -1.03     3.24
  SINCE SEP 1      1.77                      2.80  -1.03     3.24
  SINCE JAN 1     12.99                     15.54  -2.55    19.97

DEGREE DAYS
 HEATING
  YESTERDAY       21                        22     -1       22
  MONTH TO DATE  526                       527     -1      512
  SINCE SEP 1    526                       527     -1      512
  SINCE JUL 1   1594                      1536     58     1480

 COOLING
  YESTERDAY        0                         0      0        0
  MONTH TO DATE    0                         0      0        0
  SINCE SEP 1      0                         0      0        0
  SINCE JAN 1      0                         0      0        0
...................................................................


WIND (MPH)
  RESULTANT WIND SPEED  25   RESULTANT WIND DIRECTION  NW (320)
  HIGHEST WIND SPEED    36   HIGHEST WIND DIRECTION    NW (310)
  HIGHEST GUST SPEED    45   HIGHEST GUST DIRECTION    NW (310)
  AVERAGE WIND SPEED    25.7


SKY COVER
  AVERAGE SKY COVER 0.9


WEATHER CONDITIONS
THE FOLLOWING WEATHER WAS RECORDED YESTERDAY.
  RAIN
  LIGHT RAIN
  FOG


RELATIVE HUMIDITY (PERCENT)
 HIGHEST    86
 LOWEST     67
 AVERAGE    77

..........................................................


THE SAINT PAUL ISLAND CLIMATE NORMALS FOR TODAY
                         NORMAL    RECORD    YEAR
 MAXIMUM TEMPERATURE (F)   48        52      1939
                                             2016
                                             2019
 MINIMUM TEMPERATURE (F)   39        24      2012


SUNRISE AND SUNSET
SEPTEMBER 29 2022.....SUNRISE   9:21 AM AKDT  SUNSET   9:00 PM AKDT
SEPTEMBER 30 2022.....SUNRISE   9:23 AM AKDT  SUNSET   8:57 PM AKDT


-  INDICATES NEGATIVE NUMBERS.
R  INDICATES RECORD WAS SET OR TIED.
MM INDICATES DATA IS MISSING.
T  INDICATES TRACE AMOUNT.




$$
