000
CDUS46 KMTR 060835
CLISNS

CLIMATE REPORT
NATIONAL WEATHER SERVICE SAN FRANCISCO BAY AREA
135 AM PDT THU OCT 06 2022

...................................

...THE SALINAS AIRPORT CLIMATE SUMMARY FOR OCTOBER 5 2022...

CLIMATE NORMAL PERIOD: 1991 TO 2020
CLIMATE RECORD PERIOD: 1930 TO 2022


WEATHER ITEM   OBSERVED TIME   RECORD YEAR NORMAL DEPARTURE LAST
                VALUE   (LST)  VALUE       VALUE  FROM      YEAR
                                                  NORMAL
...................................................................
TEMPERATURE (F)
 YESTERDAY
  MAXIMUM         76  12:12 PM 105    1987  75      1       72
  MINIMUM         56   8:59 AM  38    1937  51      5       57
  AVERAGE         66                        63      3       65

PRECIPITATION (IN)
  YESTERDAY        0.00          1.00 2011   0.01  -0.01     0.00
  MONTH TO DATE    0.00                      0.05  -0.05     0.00
  SINCE OCT 1      0.00                      0.05  -0.05     0.00
  SINCE JAN 1      1.27                      8.65  -7.38     4.85

DEGREE DAYS
 HEATING
  YESTERDAY        0                         3     -3        0
  MONTH TO DATE    1                        15    -14        0
  SINCE SEP 1      2                        76    -74       18
  SINCE JUL 1     28                       214   -186       59

 COOLING
  YESTERDAY        1                         1      0        0
  MONTH TO DATE    4                         5     -1       21
  SINCE SEP 1    165                        42    123       62
  SINCE JAN 1    376                       106    270      119
...................................................................


WIND (MPH)
  RESULTANT WIND SPEED   4   RESULTANT WIND DIRECTION  NW (310)
  HIGHEST WIND SPEED    15   HIGHEST WIND DIRECTION    NW (300)
  HIGHEST GUST SPEED    20   HIGHEST GUST DIRECTION    NW (300)
  AVERAGE WIND SPEED     5.3


SKY COVER
  POSSIBLE SUNSHINE  MM
  AVERAGE SKY COVER 0.7


WEATHER CONDITIONS
THE FOLLOWING WEATHER WAS RECORDED YESTERDAY.
  FOG
  FOG W/VISIBILITY <= 1/4 MILE
  HAZE


RELATIVE HUMIDITY (PERCENT)
 HIGHEST    96           3:00 AM
 LOWEST     50          12:00 PM
 AVERAGE    73

..........................................................


THE SALINAS AIRPORT CLIMATE NORMALS FOR TODAY
                         NORMAL    RECORD    YEAR
 MAXIMUM TEMPERATURE (F)   74        95      1972
 MINIMUM TEMPERATURE (F)   51        37      1941


SUNRISE AND SUNSET
OCTOBER  6 2022.......SUNRISE   7:06 AM PDT   SUNSET   6:42 PM PDT
OCTOBER  7 2022.......SUNRISE   7:07 AM PDT   SUNSET   6:41 PM PDT


-  INDICATES NEGATIVE NUMBERS.
R  INDICATES RECORD WAS SET OR TIED.
MM INDICATES DATA IS MISSING.
T  INDICATES TRACE AMOUNT.




$$
