000
CDUS45 KPIH 020730
CLISNT

CLIMATE REPORT
NATIONAL WEATHER SERVICE POCATELLO ID
130 AM MDT SUN OCT 02 2022

...................................

...THE STANLEY CLIMATE SUMMARY FOR OCTOBER 1 2022...

CLIMATE NORMAL PERIOD 1991 TO 2020
CLIMATE RECORD PERIOD 1916 TO 2022


WEATHER ITEM   OBSERVED TIME   RECORD YEAR NORMAL DEPARTURE LAST
                VALUE   (LST)  VALUE       VALUE  FROM      YEAR
                                                  NORMAL
...................................................................
TEMPERATURE (F)
 YESTERDAY
  MAXIMUM         60    326 PM  83    2010  63     -3       68
  MINIMUM         28    447 AM  14    1985  28      0       20
                                      2009
  AVERAGE         44                        45     -1       44

PRECIPITATION (IN)
  YESTERDAY        0.00          0.30 2000   0.05  -0.05     0.00
  MONTH TO DATE    0.00                      0.05  -0.05     0.00
  SINCE OCT 1      0.00                      0.05  -0.05     0.00
  SINCE JAN 1     13.49                     12.21   1.28     7.26

SNOWFALL (IN)
  YESTERDAY       MM
  MONTH TO DATE   MM
  SINCE SEP 1     MM
  SINCE JUL 1     MM
  SNOW DEPTH      MM

DEGREE DAYS
 HEATING
  YESTERDAY       21                        20      1       21
  MONTH TO DATE   21                        20      1       21
  SINCE SEP 1    360                       461   -101      427
  SINCE JUL 1    568                       856   -288      678

 COOLING
  YESTERDAY        0                         0      0        0
  MONTH TO DATE    0                         0      0        0
  SINCE SEP 1      0                         0      0        0
  SINCE JAN 1     13                        13      0       44
...................................................................


WIND (MPH)
  HIGHEST WIND SPEED     8   HIGHEST WIND DIRECTION    NE (40)
  HIGHEST GUST SPEED    14   HIGHEST GUST DIRECTION     N (20)
  AVERAGE WIND SPEED     2.4


SKY COVER
  POSSIBLE SUNSHINE  MM
  AVERAGE SKY COVER 0.0


WEATHER CONDITIONS
THE FOLLOWING WEATHER WAS RECORDED YESTERDAY.
  NO SIGNIFICANT WEATHER WAS OBSERVED.


RELATIVE HUMIDITY (PERCENT)
 HIGHEST    96          1000 AM
 LOWEST     36           400 PM
 AVERAGE    66

..........................................................


THE STANLEY CLIMATE NORMALS FOR TODAY
                         NORMAL    RECORD    YEAR
 MAXIMUM TEMPERATURE (F)   62        83      2010
 MINIMUM TEMPERATURE (F)   28        14      1921


SUNRISE AND SUNSET
OCTOBER  2 2022.......SUNRISE   739 AM MDT   SUNSET   718 PM MDT
OCTOBER  3 2022.......SUNRISE   740 AM MDT   SUNSET   717 PM MDT


-  INDICATES NEGATIVE NUMBERS.
R  INDICATES RECORD WAS SET OR TIED.
MM INDICATES DATA IS MISSING.
T  INDICATES TRACE AMOUNT.




$$
