000
CDUS45 KCYS 260726
CLISNY

CLIMATE REPORT
NATIONAL WEATHER SERVICE CHEYENNE WY
126 AM MDT MON SEP 26 2022

...................................

...THE SIDNEY NEBRASKA AIRPORT CLIMATE SUMMARY FOR SEPTEMBER 25 2022...

CLIMATE NORMAL PERIOD 1991 TO 2020
CLIMATE RECORD PERIOD 1948 TO 2022


WEATHER ITEM   OBSERVED TIME   RECORD YEAR NORMAL DEPARTURE LAST
                VALUE   (LST)  VALUE       VALUE  FROM      YEAR
                                                  NORMAL
...................................................................
TEMPERATURE (F)
 YESTERDAY
  MAXIMUM         77    307 PM  91    1998  75      2       89
  MINIMUM         41    553 AM  24    1984  42     -1       40
  AVERAGE         59                        58      1       65

PRECIPITATION (IN)
  YESTERDAY        0.00          0.60 1955   0.03  -0.03     0.00
  MONTH TO DATE    0.83                      1.12  -0.29     0.72
  SINCE SEP 1      0.83                      1.12  -0.29     0.72
  SINCE JAN 1      5.84                     13.93  -8.09     8.09

DEGREE DAYS
 HEATING
  YESTERDAY        6                         8     -2        0
  MONTH TO DATE   71                       103    -32       42
  SINCE SEP 1     71                       103    -32       42
  SINCE JUL 1     71                       125    -54       45

 COOLING
  YESTERDAY        0                         1     -1        0
  MONTH TO DATE  138                        62     76      110
  SINCE SEP 1    138                        62     76      110
  SINCE JAN 1   1018                       686    332      689
...................................................................


WIND (MPH)
  HIGHEST WIND SPEED    16   HIGHEST WIND DIRECTION     N (340)
  HIGHEST GUST SPEED    22   HIGHEST GUST DIRECTION     N (20)
  AVERAGE WIND SPEED     6.9


SKY COVER
  POSSIBLE SUNSHINE  MM
  AVERAGE SKY COVER 0.0


WEATHER CONDITIONS
THE FOLLOWING WEATHER WAS RECORDED YESTERDAY.
  NO SIGNIFICANT WEATHER WAS OBSERVED.


RELATIVE HUMIDITY (PERCENT)
 HIGHEST    86           600 AM
 LOWEST     23           300 PM
 AVERAGE    55

..........................................................


THE SIDNEY NEBRASKA AIRPORT CLIMATE NORMALS FOR TODAY
                         NORMAL    RECORD    YEAR
 MAXIMUM TEMPERATURE (F)   74        92      2021
 MINIMUM TEMPERATURE (F)   41        23      1972


SUNRISE AND SUNSET
SEPTEMBER 26 2022.....SUNRISE   644 AM MDT   SUNSET   642 PM MDT
SEPTEMBER 27 2022.....SUNRISE   645 AM MDT   SUNSET   640 PM MDT


-  INDICATES NEGATIVE NUMBERS.
R  INDICATES RECORD WAS SET OR TIED.
MM INDICATES DATA IS MISSING.
T  INDICATES TRACE AMOUNT.




$$
