000
CDUS43 KILX 010654
CLISPI

CLIMATE REPORT
NATIONAL WEATHER SERVICE LINCOLN IL
154 AM CDT SAT OCT 01 2022

...................................

...THE SPRINGFIELD IL CLIMATE SUMMARY FOR SEPTEMBER 30 2022...

CLIMATE NORMAL PERIOD 1991 TO 2020
CLIMATE RECORD PERIOD 1879 TO 2022


WEATHER ITEM   OBSERVED TIME   RECORD YEAR NORMAL DEPARTURE LAST
                VALUE   (LST)  VALUE       VALUE  FROM      YEAR
                                                  NORMAL
...................................................................
TEMPERATURE (F)
 YESTERDAY
  MAXIMUM         71    359 PM  92    1952  75     -4       88
                                      1971
  MINIMUM         40    448 AM  31    1899  50    -10       62
  AVERAGE         56                        63     -7       75

PRECIPITATION (IN)
  YESTERDAY        0.00          2.74 1881   0.09  -0.09     0.00
  MONTH TO DATE    3.70                      2.88   0.82     3.84
  SINCE SEP 1      3.70                      2.88   0.82     3.84
  SINCE JAN 1     32.03                     29.92   2.11    38.72

SNOWFALL (IN)
  YESTERDAY        0.0           0.0    MM   0.0    0.0      0.0
  MONTH TO DATE    0.0                       0.0    0.0      0.0
  SINCE SEP 1      0.0                       0.0    0.0      0.0
  SINCE JUL 1      0.0                       0.0    0.0      0.0
  SNOW DEPTH       0

DEGREE DAYS
 HEATING
  YESTERDAY        9                         5      4        0
  MONTH TO DATE   76                        60     16       21
  SINCE SEP 1     76                        60     16       21
  SINCE JUL 1     76                        64     12       23

 COOLING
  YESTERDAY        0                         2     -2       10
  MONTH TO DATE  142                       151     -9      175
  SINCE SEP 1    142                       151     -9      175
  SINCE JAN 1   1267                      1220     47     1305
...................................................................


WIND (MPH)
  HIGHEST WIND SPEED    14   HIGHEST WIND DIRECTION    NE (60)
  HIGHEST GUST SPEED    21   HIGHEST GUST DIRECTION    NE (50)
  AVERAGE WIND SPEED     4.7


SKY COVER
  POSSIBLE SUNSHINE  MM
  AVERAGE SKY COVER 0.0


WEATHER CONDITIONS
THE FOLLOWING WEATHER WAS RECORDED YESTERDAY.
  NO SIGNIFICANT WEATHER WAS OBSERVED.


RELATIVE HUMIDITY (PERCENT)
 HIGHEST    89           700 AM
 LOWEST     32           400 PM
 AVERAGE    61

..........................................................


THE SPRINGFIELD IL CLIMATE NORMALS FOR TODAY
                         NORMAL    RECORD    YEAR
 MAXIMUM TEMPERATURE (F)   75        91      1897
                                             2019
 MINIMUM TEMPERATURE (F)   50        32      2003


SUNRISE AND SUNSET
OCTOBER  1 2022.......SUNRISE   655 AM CDT   SUNSET   641 PM CDT
OCTOBER  2 2022.......SUNRISE   656 AM CDT   SUNSET   639 PM CDT


-  INDICATES NEGATIVE NUMBERS.
R  INDICATES RECORD WAS SET OR TIED.
MM INDICATES DATA IS MISSING.
T  INDICATES TRACE AMOUNT.




$$
