000
CDUS44 KOUN 060634
CLISPS

CLIMATE REPORT
NATIONAL WEATHER SERVICE NORMAN OK
134 AM CDT THU OCT 06 2022

...................................

...THE WICHITA FALLS CLIMATE SUMMARY FOR OCTOBER 5 2022...

CLIMATE NORMAL PERIOD 1991 TO 2020
CLIMATE RECORD PERIOD 1897 TO 2022


WEATHER ITEM   OBSERVED TIME   RECORD YEAR NORMAL DEPARTURE LAST
                VALUE   (LST)  VALUE       VALUE  FROM      YEAR
                                                  NORMAL
...................................................................
TEMPERATURE (F)
 YESTERDAY
  MAXIMUM         90    152 PM 100    1937  82      8       87
  MINIMUM         56    643 AM  40    1985  56      0       56
  AVERAGE         73                        69      4       72

PRECIPITATION (IN)
  YESTERDAY        0.00          1.99 1930   0.09  -0.09     0.00
  MONTH TO DATE    0.00                      0.46  -0.46     0.11
  SINCE SEP 1      0.09                      3.45  -3.36     0.45
  SINCE JAN 1     11.87                     22.28 -10.41    22.81

SNOWFALL (IN)
  YESTERDAY        0.0           0.0    MM   0.0    0.0      0.0
  MONTH TO DATE    0.0                       0.0    0.0      0.0
  SINCE SEP 1      0.0                       0.0    0.0      0.0
  SINCE JUL 1      0.0                       0.0    0.0      0.0

DEGREE DAYS
 HEATING
  YESTERDAY        0                         2     -2        0
  MONTH TO DATE    0                         6     -6        0
  SINCE SEP 1      0                        16    -16        0
  SINCE JUL 1      0                        16    -16        0

 COOLING
  YESTERDAY        8                         5      3        7
  MONTH TO DATE   24                        29     -5       36
  SINCE SEP 1    468                       370     98      448
  SINCE JAN 1   2977                      2358    619     2188
...................................................................


WIND (MPH)
  HIGHEST WIND SPEED    13   HIGHEST WIND DIRECTION     S (170)
  HIGHEST GUST SPEED    17   HIGHEST GUST DIRECTION     S (170)
  AVERAGE WIND SPEED     6.1


SKY COVER
  AVERAGE SKY COVER 0.2


WEATHER CONDITIONS
THE FOLLOWING WEATHER WAS RECORDED YESTERDAY.
  NO SIGNIFICANT WEATHER WAS OBSERVED.


RELATIVE HUMIDITY (PERCENT)
 HIGHEST    69           700 AM
 LOWEST     19           400 PM
 AVERAGE    44

..........................................................


THE WICHITA FALLS CLIMATE NORMALS FOR TODAY
                         NORMAL    RECORD    YEAR
 MAXIMUM TEMPERATURE (F)   81        99      1956
 MINIMUM TEMPERATURE (F)   56        40      2001


SUNRISE AND SUNSET
OCTOBER  6 2022.......SUNRISE   732 AM CDT   SUNSET   711 PM CDT
OCTOBER  7 2022.......SUNRISE   733 AM CDT   SUNSET   710 PM CDT


-  INDICATES NEGATIVE NUMBERS.
R  INDICATES RECORD WAS SET OR TIED.
MM INDICATES DATA IS MISSING.
T  INDICATES TRACE AMOUNT.




$$
