000
CDUS42 KTBW 302125
CLISRQ

CLIMATE REPORT
NATIONAL WEATHER SERVICE TAMPA BAY FL
525 PM EDT FRI SEP 30 2022

...................................

...THE SARASOTA BRADENTON CLIMATE SUMMARY FOR SEPTEMBER 30 2022...
VALID TODAY AS OF 0500 PM LOCAL TIME.

CLIMATE NORMAL PERIOD: 1991 TO 2020
CLIMATE RECORD PERIOD: 1911 TO 2022


WEATHER ITEM   OBSERVED TIME   RECORD YEAR NORMAL DEPARTURE LAST
                VALUE   (LST)  VALUE       VALUE  FROM      YEAR
                                                  NORMAL
...................................................................
TEMPERATURE (F)
 TODAY
  MAXIMUM         77   3:34 PM  95    2019  89    -12       92
  MINIMUM         65   6:24 AM  58    1970  72     -7       72
  AVERAGE         71                        81    -10       82

PRECIPITATION (IN)
  TODAY            0.00          2.00 1920   0.13  -0.13     0.00
  MONTH TO DATE   14.54                      6.00   8.54     5.30
  SINCE SEP 1     14.54                      6.00   8.54     5.30
  SINCE JAN 1     47.24                     42.15   5.09    43.32

DEGREE DAYS
 HEATING
  TODAY            0                         0      0        0
  MONTH TO DATE    0                         0      0        0
  SINCE SEP 1      0                         0      0        0
  SINCE JUL 1      0                         0      0        0

 COOLING
  TODAY            6                        16    -10       17
  MONTH TO DATE  469                       514    -45      511
  SINCE SEP 1    469                       514    -45      511
  SINCE JAN 1   3241                      3057    184     3185
...................................................................


WIND (MPH)
  RESULTANT WIND SPEED  10   RESULTANT WIND DIRECTION   N (340)
  HIGHEST WIND SPEED    18   HIGHEST WIND DIRECTION    NW (320)
  HIGHEST GUST SPEED    28   HIGHEST GUST DIRECTION    NW (320)
  AVERAGE WIND SPEED    11.0


SKY COVER
  POSSIBLE SUNSHINE  MM
  AVERAGE SKY COVER 0.1


WEATHER CONDITIONS
THE FOLLOWING WEATHER WAS RECORDED TODAY.
  NO SIGNIFICANT WEATHER WAS OBSERVED.


RELATIVE HUMIDITY (PERCENT)
 HIGHEST    78           6:00 AM
 LOWEST     64          11:00 AM

..........................................................


THE SARASOTA BRADENTON CLIMATE NORMALS FOR TOMORROW
                         NORMAL    RECORD    YEAR
 MAXIMUM TEMPERATURE (F)   89        94      2005
 MINIMUM TEMPERATURE (F)   72        53      1920


SUNRISE AND SUNSET
SEPTEMBER 30 2022.....SUNRISE   7:22 AM EDT   SUNSET   7:17 PM EDT
OCTOBER  1 2022.......SUNRISE   7:23 AM EDT   SUNSET   7:16 PM EDT


-  INDICATES NEGATIVE NUMBERS.
R  INDICATES RECORD WAS SET OR TIED.
MM INDICATES DATA IS MISSING.
T  INDICATES TRACE AMOUNT.

&&
------------------------------------------------------------------
******************** SUPPLEMENTAL DATA ***************************

...GULF WATER TEMPERATURE AT VENICE 80 DEGREES


$$
