000
CDUS42 KJAX 290539
CLISSI

CLIMATE REPORT
NATIONAL WEATHER SERVICE JACKSONVILLE FL
139 AM EDT THU SEP 29 2022

...................................

...THE ST SIMONS ISLAND CLIMATE SUMMARY FOR SEPTEMBER 28 2022...

CLIMATE NORMAL PERIOD: 1991 TO 2020
CLIMATE RECORD PERIOD: 1940 TO 2022


WEATHER ITEM   OBSERVED TIME   RECORD YEAR NORMAL DEPARTURE LAST
                VALUE   (LST)  VALUE       VALUE  FROM      YEAR
                                                  NORMAL
...................................................................
TEMPERATURE (F)
 YESTERDAY
  MAXIMUM         74  10:09 AM  94    2018  84    -10       84
  MINIMUM         67   4:42 PM  54    1962  70     -3       65
  AVERAGE         71                        77     -6       75

PRECIPITATION (IN)
  YESTERDAY        T             3.35 1984   0.19  -0.19     0.00
  MONTH TO DATE    7.47                      5.63   1.84     4.19
  SINCE SEP 1      7.47                      5.63   1.84     4.19
  SINCE JAN 1     43.56                     35.68   7.88    37.11

SNOWFALL (IN)
  YESTERDAY        0.0           0.0    MM

DEGREE DAYS
 HEATING
  YESTERDAY        0                         0      0        0
  MONTH TO DATE    0                         0      0        0
  SINCE SEP 1      0                         0      0        0
  SINCE JUL 1      0                         0      0        0

 COOLING
  YESTERDAY        6                        12     -6       10
  MONTH TO DATE  422                       402     20      382
  SINCE SEP 1    422                       402     20      382
  SINCE JAN 1   2839                      2536    303     2552
...................................................................


WIND (MPH)
  HIGHEST WIND SPEED    31   HIGHEST WIND DIRECTION    NE (30)
  HIGHEST GUST SPEED    47   HIGHEST GUST DIRECTION     N (20)
  AVERAGE WIND SPEED    17.5


SKY COVER
  AVERAGE SKY COVER 0.7


WEATHER CONDITIONS
THE FOLLOWING WEATHER WAS RECORDED YESTERDAY.
  LIGHT RAIN


RELATIVE HUMIDITY (PERCENT)
 HIGHEST    73          12:00 AM
 LOWEST     47           8:00 PM
 AVERAGE    60

..........................................................


THE ST SIMONS ISLAND CLIMATE NORMALS FOR TODAY
                         NORMAL    RECORD    YEAR
 MAXIMUM TEMPERATURE (F)   83        92      1974
 MINIMUM TEMPERATURE (F)   70        53      1962


SUNRISE AND SUNSET
SEPTEMBER 29 2022.....SUNRISE   7:18 AM EDT   SUNSET   7:13 PM EDT
SEPTEMBER 30 2022.....SUNRISE   7:19 AM EDT   SUNSET   7:12 PM EDT


-  INDICATES NEGATIVE NUMBERS.
R  INDICATES RECORD WAS SET OR TIED.
MM INDICATES DATA IS MISSING.
T  INDICATES TRACE AMOUNT.




$$
