000
CDUS43 KMPX 060649
CLISTC

CLIMATE REPORT
NATIONAL WEATHER SERVICE TWIN CITIES/CHANHASSEN MN
149 AM CDT THU OCT 06 2022

...................................

...THE ST CLOUD MN CLIMATE SUMMARY FOR OCTOBER 5 2022...

CLIMATE NORMAL PERIOD 1991 TO 2020
CLIMATE RECORD PERIOD 1893 TO 2022


WEATHER ITEM   OBSERVED TIME   RECORD YEAR NORMAL DEPARTURE LAST
                VALUE   (LST)  VALUE       VALUE  FROM      YEAR
                                                  NORMAL
...................................................................
TEMPERATURE (F)
 YESTERDAY
  MAXIMUM         74    325 PM  89    1947  62     12       73
  MINIMUM         56    647 AM  20    1952  40     16       45
  AVERAGE         65                        51     14       59

PRECIPITATION (IN)
  YESTERDAY        0.03          1.21 2019   0.09  -0.06     0.00
  MONTH TO DATE    0.04                      0.50  -0.46     0.64
  SINCE SEP 1      2.27                      3.51  -1.24     4.46
  SINCE JAN 1     28.15                     24.13   4.02    20.73

SNOWFALL (IN)
  YESTERDAY        0.0           T    1952   0.0    0.0      0.0
                                      1993
  MONTH TO DATE    0.0                       0.0    0.0      0.0
  SINCE SEP 1      0.0                       0.0    0.0      0.0
  SINCE JUL 1      0.0                       0.0    0.0      0.0
  SNOW DEPTH       0

DEGREE DAYS
 HEATING
  YESTERDAY        0                        14    -14        6
  MONTH TO DATE   12                        66    -54       18
  SINCE SEP 1    160                       272   -112      127
  SINCE JUL 1    163                       326   -163      145

 COOLING
  YESTERDAY        0                         0      0        0
  MONTH TO DATE    0                         0      0        3
  SINCE SEP 1     63                        41     22       47
  SINCE JAN 1    594                       465    129      720
...................................................................


WIND (MPH)
  HIGHEST WIND SPEED    12   HIGHEST WIND DIRECTION    NW (300)
  HIGHEST GUST SPEED    15   HIGHEST GUST DIRECTION     W (290)
  AVERAGE WIND SPEED     3.9


SKY COVER
  POSSIBLE SUNSHINE  MM
  AVERAGE SKY COVER 0.6


WEATHER CONDITIONS
THE FOLLOWING WEATHER WAS RECORDED YESTERDAY.
  LIGHT RAIN
  FOG


RELATIVE HUMIDITY (PERCENT)
 HIGHEST    97           800 AM
 LOWEST     50           400 PM
 AVERAGE    74

..........................................................


THE ST CLOUD MN CLIMATE NORMALS FOR TODAY
                         NORMAL    RECORD    YEAR
 MAXIMUM TEMPERATURE (F)   61        85      2007
 MINIMUM TEMPERATURE (F)   40        18      1976


SUNRISE AND SUNSET
OCTOBER  6 2022.......SUNRISE   721 AM CDT   SUNSET   647 PM CDT
OCTOBER  7 2022.......SUNRISE   722 AM CDT   SUNSET   645 PM CDT


-  INDICATES NEGATIVE NUMBERS.
R  INDICATES RECORD WAS SET OR TIED.
MM INDICATES DATA IS MISSING.
T  INDICATES TRACE AMOUNT.




$$
