000
CDUS43 KEAX 060037
CLISTJ

CLIMATE REPORT
NATIONAL WEATHER SERVICE KANSAS CITY/PLEASANT HILL MO
737 PM CDT WED OCT 05 2022

...................................

...THE ST. JOSEPH MO CLIMATE SUMMARY FOR OCTOBER 5 2022...
VALID TODAY AS OF 0700 PM LOCAL TIME.

CLIMATE NORMAL PERIOD: 1991 TO 2020
CLIMATE RECORD PERIOD: 1892 TO 2022


WEATHER ITEM   OBSERVED TIME   RECORD YEAR NORMAL DEPARTURE LAST
                VALUE   (LST)  VALUE       VALUE  FROM      YEAR
                                                  NORMAL
...................................................................
TEMPERATURE (F)
 TODAY
  MAXIMUM         80  12:53 PM  96    1963  73      7       76
  MINIMUM         56   6:48 AM  28    2012  47      9       46
  AVERAGE         68                        60      8       61

PRECIPITATION (IN)
  TODAY            T             1.86 1967   0.10  -0.10     0.00
  MONTH TO DATE    T                         0.52  -0.52      T
  SINCE SEP 1      2.30                      3.70  -1.40     1.18
  SINCE JAN 1     24.74                     29.32  -4.58    28.01

DEGREE DAYS
 HEATING
  TODAY            0                         7     -7        4
  MONTH TO DATE   19                        31    -12        9
  SINCE SEP 1     93                       102     -9       32
  SINCE JUL 1     93                       106    -13       32

 COOLING
  TODAY            3                         2      1        0
  MONTH TO DATE    3                        10     -7        4
  SINCE SEP 1    124                       143    -19      183
  SINCE JAN 1   1158                      1271   -113     1300
...................................................................


WIND (MPH)
  HIGHEST WIND SPEED    17   HIGHEST WIND DIRECTION    NW (320)
  HIGHEST GUST SPEED    24   HIGHEST GUST DIRECTION    NW (320)
  AVERAGE WIND SPEED     8.1


SKY COVER
  AVERAGE SKY COVER 0.6


WEATHER CONDITIONS
THE FOLLOWING WEATHER WAS RECORDED TODAY.
  LIGHT RAIN


RELATIVE HUMIDITY (PERCENT)
 HIGHEST    74           7:00 AM
 LOWEST     36           4:00 PM
 AVERAGE    55

..........................................................


THE ST. JOSEPH MO CLIMATE NORMALS FOR TOMORROW
                         NORMAL    RECORD    YEAR
 MAXIMUM TEMPERATURE (F)   72        95      1963
 MINIMUM TEMPERATURE (F)   47        27      1952
                                             2012


SUNRISE AND SUNSET
OCTOBER  5 2022.......SUNRISE   7:20 AM CDT   SUNSET   6:56 PM CDT
OCTOBER  6 2022.......SUNRISE   7:21 AM CDT   SUNSET   6:54 PM CDT


-  INDICATES NEGATIVE NUMBERS.
R  INDICATES RECORD WAS SET OR TIED.
MM INDICATES DATA IS MISSING.
T  INDICATES TRACE AMOUNT.




$$
