000
CDUS43 KLSX 292126
CLISTL

CLIMATE REPORT
NATIONAL WEATHER SERVICE ST LOUIS MO
426 PM CDT THU SEP 29 2022

...................................

...THE ST. LOUIS CLIMATE SUMMARY FOR SEPTEMBER 29 2022...
VALID TODAY AS OF 0400 PM LOCAL TIME.

CLIMATE NORMAL PERIOD 1991 TO 2020
CLIMATE RECORD PERIOD 1874 TO 2022


WEATHER ITEM   OBSERVED TIME   RECORD YEAR NORMAL DEPARTURE LAST
                VALUE   (LST)  VALUE       VALUE  FROM      YEAR
                                                  NORMAL
...................................................................
TEMPERATURE (F)
 TODAY
  MAXIMUM         70    259 PM 102    1953  76     -6       88
  MINIMUM         47    616 AM  36    1942  56     -9       64
  AVERAGE         59                        66     -7       76

PRECIPITATION (IN)
  TODAY            0.00          1.64 1906   0.08  -0.08     0.00
  MONTH TO DATE    1.73                      2.87  -1.14     3.04
  SINCE SEP 1      1.73                      2.87  -1.14     3.04
  SINCE JAN 1     40.85                     32.54   8.31    36.76

SNOWFALL (IN)
  TODAY            0.0           0.0  2015   0.0    0.0      0.0
  MONTH TO DATE    0.0                       0.0    0.0      0.0
  SINCE SEP 1      0.0                       0.0    0.0      0.0
  SINCE JUL 1      0.0                       0.0    0.0      0.0
  SNOW DEPTH       0

DEGREE DAYS
 HEATING
  TODAY            6                         3      3        0
  MONTH TO DATE   25                        27     -2        3
  SINCE SEP 1     25                        27     -2        3
  SINCE JUL 1     25                        28     -3        3

 COOLING
  TODAY            0                         4     -4       11
  MONTH TO DATE  231                       209     22      295
  SINCE SEP 1    231                       209     22      295
  SINCE JAN 1   1925                      1659    266     1856
...................................................................


WIND (MPH)
  HIGHEST WIND SPEED    13   HIGHEST WIND DIRECTION     E (100)
  HIGHEST GUST SPEED    19   HIGHEST GUST DIRECTION     E (70)
  AVERAGE WIND SPEED     5.4


SKY COVER
  AVERAGE SKY COVER 0.1


WEATHER CONDITIONS
THE FOLLOWING WEATHER WAS RECORDED TODAY.
  HAZE


RELATIVE HUMIDITY (PERCENT)
 HIGHEST    80           400 AM
 LOWEST     35           200 PM
 AVERAGE    58

..........................................................


THE ST. LOUIS CLIMATE NORMALS FOR TOMORROW
                         NORMAL    RECORD    YEAR
 MAXIMUM TEMPERATURE (F)   76        93      1952
 MINIMUM TEMPERATURE (F)   55        36      1949


SUNRISE AND SUNSET
SEPTEMBER 29 2022.....SUNRISE   656 AM CDT   SUNSET   647 PM CDT
SEPTEMBER 30 2022.....SUNRISE   657 AM CDT   SUNSET   646 PM CDT


-  INDICATES NEGATIVE NUMBERS.
R  INDICATES RECORD WAS SET OR TIED.
MM INDICATES DATA IS MISSING.
T  INDICATES TRACE AMOUNT.




$$
