000
CDUS46 KSTO 290846
CLISTO

CLIMATE REPORT
NATIONAL WEATHER SERVICE SACRAMENTO
146 AM PDT THU SEP 29 2022

...................................

...THE SACRAMENTO CITY CLIMATE SUMMARY FOR SEPTEMBER 28 2022...

CLIMATE NORMAL PERIOD: 1991 TO 2020
CLIMATE RECORD PERIOD: 1849 TO 2022


WEATHER ITEM   OBSERVED RECORD YEAR NORMAL DEPARTURE LAST
                VALUE   VALUE       VALUE  FROM      YEAR
                                           NORMAL
............................................................
TEMPERATURE (F)
 YESTERDAY
  MAXIMUM         89    101    2010  86      3       79
  MINIMUM         59     46    1986  57      2       57
  AVERAGE         74                 72      2       68

PRECIPITATION (IN)
  YESTERDAY        0.00   0.37 1989   0.01  -0.01     0.00
  MONTH TO DATE    0.49               0.13   0.36     0.00
  SINCE OCT 1     17.10              19.18  -2.08     7.87
  SINCE JAN 1      2.66              12.98 -10.32     5.47

DEGREE DAYS
 HEATING
  YESTERDAY        0                  0      0        0
  MONTH TO DATE    0                  0      0        0
  SINCE SEP 1      0                  0      0        0
  SINCE JUL 1      0                  0      0        0

 COOLING
  YESTERDAY        9                  7      2        3
  MONTH TO DATE  389                261    128      331
  SINCE SEP 1    389                261    128      331
  SINCE JAN 1   1905               1475    430     1863
............................................................


THE SACRAMENTO CITY CLIMATE NORMALS FOR TODAY
                         NORMAL    RECORD    YEAR
 MAXIMUM TEMPERATURE (F)   86       103      1966
 MINIMUM TEMPERATURE (F)   57        46      2019


SUNRISE AND SUNSET
SEPTEMBER 29 2022.....SUNRISE   7:00 AM PDT   SUNSET   6:51 PM PDT
SEPTEMBER 30 2022.....SUNRISE   7:01 AM PDT   SUNSET   6:50 PM PDT


-  INDICATES NEGATIVE NUMBERS.
R  INDICATES RECORD WAS SET OR TIED.
MM INDICATES DATA IS MISSING.
T  INDICATES TRACE AMOUNT.




$$
