000
CDUS46 KMTR 050832
CLISTS

CLIMATE REPORT
NATIONAL WEATHER SERVICE SAN FRANCISCO BAY AREA
132 AM PDT WED OCT 05 2022

...................................

...THE SANTA ROSA AIRPORT CLIMATE SUMMARY FOR OCTOBER 4 2022...

CLIMATE NORMAL PERIOD: 1991 TO 2020
CLIMATE RECORD PERIOD: 1998 TO 2022


WEATHER ITEM   OBSERVED TIME   RECORD YEAR NORMAL DEPARTURE LAST
                VALUE   (LST)  VALUE       VALUE  FROM      YEAR
                                                  NORMAL
...................................................................
TEMPERATURE (F)
 YESTERDAY
  MAXIMUM         79   1:53 PM  97    2014  80     -1       90
  MINIMUM         49   2:33 AM  39    2017  47      2       43
  AVERAGE         64                        64      0       67

PRECIPITATION (IN)
  YESTERDAY        0.00          0.39 2011   0.03  -0.03     0.00
  MONTH TO DATE    0.00                      0.09  -0.09     0.00
  SINCE OCT 1      0.00                      0.09  -0.09     0.00
  SINCE JAN 1      5.68                     21.88 -16.20     8.55

DEGREE DAYS
 HEATING
  YESTERDAY        1                                         0
  MONTH TO DATE   12                                         0
  SINCE SEP 1     26                                        27
  SINCE JUL 1     30                                        51

 COOLING
  YESTERDAY        0                                         2
  MONTH TO DATE    0                                        15
  SINCE SEP 1    164                                       101
  SINCE JAN 1    566                                       397
...................................................................


WIND (MPH)
  RESULTANT WIND SPEED   3   RESULTANT WIND DIRECTION   S (160)
  HIGHEST WIND SPEED    12   HIGHEST WIND DIRECTION    SE (140)
  HIGHEST GUST SPEED    16   HIGHEST GUST DIRECTION     S (180)
  AVERAGE WIND SPEED     3.2


SKY COVER
  POSSIBLE SUNSHINE  MM
  AVERAGE SKY COVER 0.3


WEATHER CONDITIONS
THE FOLLOWING WEATHER WAS RECORDED YESTERDAY.
  FOG
  FOG W/VISIBILITY <= 1/4 MILE


RELATIVE HUMIDITY (PERCENT)
 HIGHEST   100           3:00 AM
 LOWEST     47           2:00 PM
 AVERAGE    74

..........................................................


THE SANTA ROSA AIRPORT CLIMATE NORMALS FOR TODAY
                         NORMAL    RECORD    YEAR
 MAXIMUM TEMPERATURE (F)   80        96      2014
 MINIMUM TEMPERATURE (F)   47        38      2009
                                             2017


SUNRISE AND SUNSET
OCTOBER  5 2022.......SUNRISE   7:11 AM PDT   SUNSET   6:48 PM PDT
OCTOBER  6 2022.......SUNRISE   7:12 AM PDT   SUNSET   6:46 PM PDT


-  INDICATES NEGATIVE NUMBERS.
R  INDICATES RECORD WAS SET OR TIED.
MM INDICATES DATA IS MISSING.
T  INDICATES TRACE AMOUNT.




$$
