000
CDUS43 KFSD 020655
CLISUX

CLIMATE REPORT
NATIONAL WEATHER SERVICE SIOUX FALLS SD
155 AM CDT SUN OCT 02 2022

...................................

...THE SIOUX CITY IA CLIMATE SUMMARY FOR OCTOBER 1 2022...

CLIMATE NORMAL PERIOD: 1991 TO 2020
CLIMATE RECORD PERIOD: 1889 TO 2022


WEATHER ITEM   OBSERVED TIME   RECORD YEAR NORMAL DEPARTURE LAST
                VALUE   (LST)  VALUE       VALUE  FROM      YEAR
                                                  NORMAL
...................................................................
TEMPERATURE (F)
 YESTERDAY
  MAXIMUM         78   1:11 PM  91    1963  71      7       74
                                      2006
  MINIMUM         55   6:42 AM  25    2003  45     10       63
  AVERAGE         67                        58      9       69

PRECIPITATION (IN)
  YESTERDAY        0.00          1.57 2019   0.10  -0.10     0.02
  MONTH TO DATE    0.00                      0.10  -0.10     0.02
  SINCE SEP 1      0.76                      2.94  -2.18     2.56
  SINCE JAN 1     12.30                     24.91 -12.61    19.34

SNOWFALL (IN)
  YESTERDAY        0.0           T    1999   0.0    0.0      0.0
  MONTH TO DATE    0.0                       0.0    0.0      0.0
  SINCE SEP 1      0.0                       0.0    0.0      0.0
  SINCE JUL 1      0.0                       0.0    0.0      0.0
  SNOW DEPTH       0

DEGREE DAYS
 HEATING
  YESTERDAY        0                         8     -8        0
  MONTH TO DATE    0                         8     -8        0
  SINCE SEP 1     64                       129    -65       46
  SINCE JUL 1     64                       144    -80       47

 COOLING
  YESTERDAY        2                         1      1        4
  MONTH TO DATE    2                         1      1        4
  SINCE SEP 1    128                        89     39      115
  SINCE JAN 1   1138                       857    281     1063
...................................................................


WIND (MPH)
  HIGHEST WIND SPEED    22   HIGHEST WIND DIRECTION     S (160)
  HIGHEST GUST SPEED    30   HIGHEST GUST DIRECTION     S (170)
  AVERAGE WIND SPEED    11.8


SKY COVER
  POSSIBLE SUNSHINE  MM
  AVERAGE SKY COVER 0.0


WEATHER CONDITIONS
THE FOLLOWING WEATHER WAS RECORDED YESTERDAY.
  NO SIGNIFICANT WEATHER WAS OBSERVED.


RELATIVE HUMIDITY (PERCENT)
 HIGHEST    62           7:00 AM
 LOWEST     30           1:00 PM
 AVERAGE    46

..........................................................


THE SIOUX CITY IA CLIMATE NORMALS FOR TODAY
                         NORMAL    RECORD    YEAR
 MAXIMUM TEMPERATURE (F)   70        94      1997
 MINIMUM TEMPERATURE (F)   44        24      2004


SUNRISE AND SUNSET
OCTOBER  2 2022.......SUNRISE   7:24 AM CDT   SUNSET   7:05 PM CDT
OCTOBER  3 2022.......SUNRISE   7:25 AM CDT   SUNSET   7:03 PM CDT


-  INDICATES NEGATIVE NUMBERS.
R  INDICATES RECORD WAS SET OR TIED.
MM INDICATES DATA IS MISSING.
T  INDICATES TRACE AMOUNT.




$$
