000
CDUS41 KBGM 260520
CLISYR

CLIMATE REPORT
NATIONAL WEATHER SERVICE BINGHAMTON, NY
120 AM EDT MON SEP 26 2022

...................................

...THE SYRACUSE NY CLIMATE SUMMARY FOR SEPTEMBER 25 2022...

CLIMATE NORMAL PERIOD 1991 TO 2020
CLIMATE RECORD PERIOD 1902 TO 2022


WEATHER ITEM   OBSERVED TIME   RECORD YEAR NORMAL DEPARTURE LAST
                VALUE   (LST)  VALUE       VALUE  FROM      YEAR
                                                  NORMAL
...................................................................
TEMPERATURE (F)
 YESTERDAY
  MAXIMUM         63    226 PM  91    2007  69     -6       78
  MINIMUM         53    633 AM  32    1963  50      3       49
  AVERAGE         58                        59     -1       64

PRECIPITATION (IN)
  YESTERDAY        0.24          2.49 1975   0.12   0.12      T
  MONTH TO DATE    2.63                      2.81  -0.18     2.59
  SINCE SEP 1      2.63                      2.81  -0.18     2.59
  SINCE JAN 1     26.97                     28.91  -1.94    33.43

SNOWFALL (IN)
  YESTERDAY        0.0           0.0  2000   0.0    0.0      0.0
                                      2001
                                      2002
  MONTH TO DATE    0.0                       0.0    0.0      0.0
  SINCE SEP 1      0.0                       0.0    0.0      0.0
  SINCE JUL 1      0.0                       0.0    0.0      0.0
  SNOW DEPTH       0

DEGREE DAYS
 HEATING
  YESTERDAY        7                         7      0        1
  MONTH TO DATE   61                        88    -27       14
  SINCE SEP 1     61                        88    -27       14
  SINCE JUL 1     61                       108    -47       17

 COOLING
  YESTERDAY        0                         1     -1        0
  MONTH TO DATE   82                        58     24       72
  SINCE SEP 1     82                        58     24       72
  SINCE JAN 1    810                       609    201      944
...................................................................


WIND (MPH)
  HIGHEST WIND SPEED    12   HIGHEST WIND DIRECTION    NW (310)
  HIGHEST GUST SPEED    16   HIGHEST GUST DIRECTION     S (190)
  AVERAGE WIND SPEED     5.8


SKY COVER
  POSSIBLE SUNSHINE  MM
  AVERAGE SKY COVER 0.9


WEATHER CONDITIONS
THE FOLLOWING WEATHER WAS RECORDED YESTERDAY.
  HEAVY RAIN
  LIGHT RAIN
  FOG
  HAZE


RELATIVE HUMIDITY (PERCENT)
 HIGHEST    87           400 PM
 LOWEST     75           100 PM
 AVERAGE    81

..........................................................


THE SYRACUSE NY CLIMATE NORMALS FOR TODAY
                         NORMAL    RECORD    YEAR
 MAXIMUM TEMPERATURE (F)   69        91      2017
 MINIMUM TEMPERATURE (F)   49        30      1943


SUNRISE AND SUNSET
SEPTEMBER 26 2022.....SUNRISE   656 AM EDT   SUNSET   654 PM EDT
SEPTEMBER 27 2022.....SUNRISE   657 AM EDT   SUNSET   653 PM EDT


-  INDICATES NEGATIVE NUMBERS.
R  INDICATES RECORD WAS SET OR TIED.
MM INDICATES DATA IS MISSING.
T  INDICATES TRACE AMOUNT.




$$
