000
CDUS44 KBMX 020742
CLITCL

CLIMATE REPORT
NATIONAL WEATHER SERVICE BIRMINGHAM AL
242 AM CDT SUN OCT 02 2022

...................................

...THE TUSCALOOSA CLIMATE SUMMARY FOR OCTOBER 1 2022...

CLIMATE NORMAL PERIOD 1991 TO 2020
CLIMATE RECORD PERIOD 1948 TO 2022


WEATHER ITEM   OBSERVED TIME   RECORD YEAR NORMAL DEPARTURE LAST
                VALUE   (LST)  VALUE       VALUE  FROM      YEAR
                                                  NORMAL
...................................................................
TEMPERATURE (F)
 YESTERDAY
  MAXIMUM         83    259 PM 100    2019  83      0       88
  MINIMUM         45    604 AM  41    1984  60    -15       65
  AVERAGE         64                        71     -7       77

PRECIPITATION (IN)
  YESTERDAY        0.00          3.38 1969   0.12  -0.12     0.00
  MONTH TO DATE    0.00                      0.12  -0.12     0.00
  SINCE SEP 1      2.71                      3.52  -0.81     3.02
  SINCE JAN 1     47.54                     40.52   7.02    58.76

SNOWFALL (IN)
  YESTERDAY        0.0                      MM     MM        0.0
  MONTH TO DATE    0.0                       0.0    0.0      0.0
  SINCE SEP 1      0.0                      MM     MM        0.0
  SINCE JUL 1      0.0                      MM     MM        0.0
  SNOW DEPTH       0

DEGREE DAYS
 HEATING
  YESTERDAY        1                         1      0        0
  MONTH TO DATE    1                         1      0        0
  SINCE SEP 1      2                         5     -3        0
  SINCE JUL 1      2                         5     -3        0

 COOLING
  YESTERDAY        0                         7     -7       12
  MONTH TO DATE    0                         7     -7       12
  SINCE SEP 1    315                       349    -34      342
  SINCE JAN 1   2377                      2145    232     2110
...................................................................


WIND (MPH)
  HIGHEST WIND SPEED    16   HIGHEST WIND DIRECTION     N (360)
  HIGHEST GUST SPEED    23   HIGHEST GUST DIRECTION     N (360)
  AVERAGE WIND SPEED     4.0


SKY COVER
  AVERAGE SKY COVER 0.0


WEATHER CONDITIONS
THE FOLLOWING WEATHER WAS RECORDED YESTERDAY.
  NO SIGNIFICANT WEATHER WAS OBSERVED.


RELATIVE HUMIDITY (PERCENT)
 HIGHEST    90           400 AM
 LOWEST     18           300 PM
 AVERAGE    54

..........................................................


THE TUSCALOOSA CLIMATE NORMALS FOR TODAY
                         NORMAL    RECORD    YEAR
 MAXIMUM TEMPERATURE (F)   82       101      2019
 MINIMUM TEMPERATURE (F)   60        35      1984


SUNRISE AND SUNSET
OCTOBER  2 2022.......SUNRISE   645 AM CDT   SUNSET   634 PM CDT
OCTOBER  3 2022.......SUNRISE   646 AM CDT   SUNSET   632 PM CDT


-  INDICATES NEGATIVE NUMBERS.
R  INDICATES RECORD WAS SET OR TIED.
MM INDICATES DATA IS MISSING.
T  INDICATES TRACE AMOUNT.




$$
